{"id":106914,"date":"2024-06-26T11:27:20","date_gmt":"2024-06-26T09:27:20","guid":{"rendered":"https:\/\/projectfood-fr.stackstaging.com\/?post_type=product&#038;p=106914"},"modified":"2024-06-26T12:15:15","modified_gmt":"2024-06-26T10:15:15","slug":"rouleuse-electrique-avec-rouleaux-en-acier-inoxydable-320-mm","status":"publish","type":"product","link":"https:\/\/projectfood.fr\/?product=rouleuse-electrique-avec-rouleaux-en-acier-inoxydable-320-mm","title":{"rendered":"Rouleuse \u00e9lectrique avec rouleaux en acier inoxydable 320 mm"},"content":{"rendered":"<p><strong><span style=\"color: #2185c2; font-size: medium;\">Rouleuse \u00e9lectrique de banc avec rouleaux en acier inoxydable 320 mm<\/span><\/strong><\/p>\n<p><span style=\"font-size: 15px; color: #000000;\">Rouleuse \u00e9lectrique de banc avec manivelle pour <strong>r\u00e9gler l\u2019\u00e9paisseur de la feuille de 0 \u00e0 10 mm <\/strong>avec une largeur maximale de 320 mm.<\/span><\/p>\n<p><span style=\"font-size: 15px; color: #000000;\">Dot\u00e9e d\u2019un <strong>large toboggan<\/strong> pour \u00e9taler confortablement les p\u00e2tes, cette machine est id\u00e9ale pour obtenir des feuillards de diff\u00e9rentes \u00e9paisseurs.<\/span><\/p>\n<p><span style=\"font-size: 15px; color: #000000;\">La structure robuste en <strong>acier inox<\/strong> assure durabilit\u00e9 et r\u00e9sistance dans le temps, tandis que les <strong>rouleaux, <\/strong>\u00e9galement en acier inox, garantissent des performances fiables et un traitement pr\u00e9cis de la p\u00e2te.<\/span><\/p>\n<p><span style=\"font-size: 15px; color: #000000;\">La machine est realis\u00e9e avec des mat\u00e9riaux faciles \u00e0 nettoyer et hygi\u00e9niques, la rouleuse offre une facilit\u00e9 d\u2019entretien.<\/span><\/p>\n<p><span style=\"font-size: 15px; color: #000000;\">Le d\u00e9marrage et l\u2019arr\u00eat de la machine sont g\u00e9r\u00e9s par un interrupteur <strong>on\/off pratique<\/strong>. L\u2019alimentation <strong>est monophas\u00e9e.<\/strong><\/span><\/p>\n<p><strong><span style=\"font-size: 15px; color: #2185c2;\">FILI\u00c8RES DISPONIBLES:<\/span><\/strong><\/p>\n<ul>\n<li><span style=\"font-size: 15px; color: #000000;\">Coupe feuillet\u00e9e de 2 mm<\/span><\/li>\n<li><span style=\"font-size: 15px; color: #000000;\">Coupe feuillet\u00e9e de 4 mm<\/span><\/li>\n<li><span style=\"font-size: 15px; color: #000000;\">Coupe feuillet\u00e9e de 6 mm<\/span><\/li>\n<li><span style=\"font-size: 15px; color: #000000;\">Coupe feuillet\u00e9e de 12 mm<\/span><\/li>\n<\/ul>\n<p><span style=\"font-size: 15px; color: #000000;\">N\u2019h\u00e9sitez pas \u00e0 nous contacter pour obtenir plus de d\u00e9tails sur la rouleuse et pour discuter de vos besoins sp\u00e9cifiques. Chez <strong>Projectfood<\/strong>\u00a0nous sommes pr\u00eats \u00e0 vous aider \u00e0 trouver la solution la plus adapt\u00e9e \u00e0 vos besoins.<\/span><\/p>\n","protected":false},"excerpt":{"rendered":"<p style=\"text-align: center;\"><strong><span style=\"font-size: medium;\"><span style=\"font-size: small;\"><span style=\"color: #ff6600;\"><span style=\"color: #3366ff; font-size: medium;\"><span style=\"color: #2185c2;\">LIVRAISON PROMPTE<\/span><\/span><\/span><\/span> &#8211; <span style=\"color: #339966;\">MADE <span style=\"color: #c0c0c0;\">IN<\/span> <span style=\"color: #ff0000;\">ITALY<\/span><\/span><\/span><\/strong><\/p>\n<p>&nbsp;<\/p>\n","protected":false},"featured_media":106915,"template":"","meta":{"inline_featured_image":false},"product_brand":[],"product_cat":[1405],"product_tag":[],"class_list":{"0":"post-106914","1":"product","2":"type-product","3":"status-publish","4":"has-post-thumbnail","6":"product_cat-derouleurs-de-pate","7":"pa_alimentation-monophase-230v-1n-50-60hz","8":"pa_codice-produttore-si320-220","9":"pa_dimension-exterieure-lxp-l580xp480xh400-mm","10":"pa_ean-9600","11":"pa_fornitore-fimar","12":"pa_longueur-rouleaux-320-mm","13":"pa_madeinitaly-oui","14":"pa_prontaconsegna-oui","15":"pa_puissance-moteur-370-watt","16":"pa_structure-externe-acier-inoxydable","18":"first","19":"instock","20":"taxable","21":"shipping-taxable","22":"purchasable","23":"product-type-simple"},"df_price":1617,"df_sale_price":"","df_regular_price":1617,"df_image_link":"https:\/\/projectfood.fr\/wp-content\/uploads\/2024\/06\/PFS320B_SFOGLIATRICE-ELETTRICA-CON-RULLI-DA-320-MM-min-600x600-1-300x300.jpg","_links":{"self":[{"href":"https:\/\/projectfood.fr\/index.php?rest_route=\/wp\/v2\/product\/106914","targetHints":{"allow":["GET"]}}],"collection":[{"href":"https:\/\/projectfood.fr\/index.php?rest_route=\/wp\/v2\/product"}],"about":[{"href":"https:\/\/projectfood.fr\/index.php?rest_route=\/wp\/v2\/types\/product"}],"wp:featuredmedia":[{"embeddable":true,"href":"https:\/\/projectfood.fr\/index.php?rest_route=\/wp\/v2\/media\/106915"}],"wp:attachment":[{"href":"https:\/\/projectfood.fr\/index.php?rest_route=%2Fwp%2Fv2%2Fmedia&parent=106914"}],"wp:term":[{"taxonomy":"product_brand","embeddable":true,"href":"https:\/\/projectfood.fr\/index.php?rest_route=%2Fwp%2Fv2%2Fproduct_brand&post=106914"},{"taxonomy":"product_cat","embeddable":true,"href":"https:\/\/projectfood.fr\/index.php?rest_route=%2Fwp%2Fv2%2Fproduct_cat&post=106914"},{"taxonomy":"product_tag","embeddable":true,"href":"https:\/\/projectfood.fr\/index.php?rest_route=%2Fwp%2Fv2%2Fproduct_tag&post=106914"}],"curies":[{"name":"wp","href":"https:\/\/api.w.org\/{rel}","templated":true}]}}