{"id":112716,"date":"2025-04-07T12:13:31","date_gmt":"2025-04-07T10:13:31","guid":{"rendered":"https:\/\/projectfood-fr.stackstaging.com\/?post_type=product&#038;p=112716"},"modified":"2025-04-07T12:23:10","modified_gmt":"2025-04-07T10:23:10","slug":"grille-plastifiee-noire-supplementaire-pour-les-caves-e-vin","status":"publish","type":"product","link":"https:\/\/projectfood.fr\/?product=grille-plastifiee-noire-supplementaire-pour-les-caves-e-vin","title":{"rendered":"Grille plastifi\u00e9e noire suppl\u00e9mentaire pour les caves \u00e8 vin"},"content":{"rendered":"<p><strong><span style=\"color: #2185c2;\" data-sheets-value=\"{&quot;1&quot;:2,&quot;2&quot;:&quot;Grille plastifi\u00e9e pour r\u00e9frig\u00e9rateurr&quot;}\" data-sheets-userformat=\"{&quot;2&quot;:14913,&quot;3&quot;:{&quot;1&quot;:0},&quot;9&quot;:0,&quot;12&quot;:0,&quot;14&quot;:{&quot;1&quot;:2,&quot;2&quot;:0},&quot;15&quot;:&quot;Arial&quot;,&quot;16&quot;:10}\">Grille plastifi\u00e9e noire suppl\u00e9mentaire pour les caves \u00e0 vin<\/span><\/strong><\/p>\n","protected":false},"excerpt":{"rendered":"<p>Grille plastifi\u00e9e noire suppl\u00e9mentaire pour les caves \u00e0 vin<\/p>\n","protected":false},"featured_media":112719,"template":"","meta":{"inline_featured_image":false},"product_brand":[],"product_cat":[1374],"product_tag":[],"class_list":{"0":"post-112716","1":"product","2":"type-product","3":"status-publish","4":"has-post-thumbnail","6":"product_cat-griglie-per-frigo","7":"pa_ean-25571","8":"pa_prontaconsegna-oui","10":"first","11":"instock","12":"taxable","13":"shipping-taxable","14":"purchasable","15":"product-type-simple"},"df_price":40,"df_sale_price":"","df_regular_price":40,"df_image_link":"https:\/\/projectfood.fr\/wp-content\/uploads\/2025\/04\/GPB50VN200LG-min-1-300x300.jpg","_links":{"self":[{"href":"https:\/\/projectfood.fr\/index.php?rest_route=\/wp\/v2\/product\/112716","targetHints":{"allow":["GET"]}}],"collection":[{"href":"https:\/\/projectfood.fr\/index.php?rest_route=\/wp\/v2\/product"}],"about":[{"href":"https:\/\/projectfood.fr\/index.php?rest_route=\/wp\/v2\/types\/product"}],"wp:featuredmedia":[{"embeddable":true,"href":"https:\/\/projectfood.fr\/index.php?rest_route=\/wp\/v2\/media\/112719"}],"wp:attachment":[{"href":"https:\/\/projectfood.fr\/index.php?rest_route=%2Fwp%2Fv2%2Fmedia&parent=112716"}],"wp:term":[{"taxonomy":"product_brand","embeddable":true,"href":"https:\/\/projectfood.fr\/index.php?rest_route=%2Fwp%2Fv2%2Fproduct_brand&post=112716"},{"taxonomy":"product_cat","embeddable":true,"href":"https:\/\/projectfood.fr\/index.php?rest_route=%2Fwp%2Fv2%2Fproduct_cat&post=112716"},{"taxonomy":"product_tag","embeddable":true,"href":"https:\/\/projectfood.fr\/index.php?rest_route=%2Fwp%2Fv2%2Fproduct_tag&post=112716"}],"curies":[{"name":"wp","href":"https:\/\/api.w.org\/{rel}","templated":true}]}}