{"id":33715,"date":"2018-09-07T07:47:37","date_gmt":"2018-09-07T07:47:37","guid":{"rendered":"https:\/\/projectfood-fr.stackstaging.com\/?post_type=product&#038;p=33715"},"modified":"2024-02-24T12:30:08","modified_gmt":"2024-02-24T11:30:08","slug":"machine-a-creme-glacee-avec-une-cuve-4-litres","status":"publish","type":"product","link":"https:\/\/projectfood.fr\/?product=machine-a-creme-glacee-avec-une-cuve-4-litres","title":{"rendered":"Machine \u00e0 cr\u00e8me glac\u00e9e avec une cuve 4 litres"},"content":{"rendered":"<p style=\"text-align: left;\"><strong style=\"color: #1784c4;\"><span style=\"font-size: medium;\">Machine \u00e0 cr\u00e8me glac\u00e9e avec une cuve 4 litres\u00a0<\/span><\/strong><\/p>\n<p><span style=\"color: #000000;\">Le <strong>Distributeur <\/strong>est utile dans les bars et les glaciers pour pr\u00e9parer <strong>des cr\u00e8me glac\u00e9e <\/strong>en peu de temps<\/span><\/p>\n<p><span style=\"color: #000000;\">La machine a une structure <strong>robuste <\/strong><strong>en Plastique r\u00e9sistant et <\/strong>un<strong>\u00a0<\/strong>r\u00e9servoir<strong>\u00a0de 4 Litres\u00a0<\/strong><\/span><\/p>\n<p><span style=\"color: #000000;\">Le Graniteur <strong><strong>est facile \u00e0 utiliser\u00a0gr\u00e2ce \u00e0 la pr\u00e9sence <\/strong><\/strong>de <strong><strong>commandes digitales<\/strong><\/strong><\/span><\/p>\n<p><span style=\"color: #000000;\">Le<b>\u00a0compresseur herm\u00e9tique \u00a0<\/b>r\u00e9duit consid\u00e9rablement le bruit de la machine<\/span><\/p>\n<p><span style=\"color: #000000;\">Pour faciliter le nettoyage, le conteneur est <strong>amovible<\/strong><\/span><\/p>\n<p><strong style=\"color: #2185c2;\">\u00c9QUIPEMENT DE S\u00c9RIE<\/strong><\/p>\n<p><span style=\"color: #000000;\">&#8211; Capteur de pr\u00e9sence verre<\/span><\/p>\n<p><span style=\"color: #000000;\">&#8211; M\u00e9langeur de cuve sup\u00e9rieur<\/span><\/p>\n<p><span style=\"color: #000000;\">&#8211; C\u00e2ble et prise d\u2019alimentation<\/span><\/p>\n<div><strong style=\"color: #2185c2;\">&#8211; Pour toute information, nous sommes \u00e0 votre disposition<\/strong><\/div>\n","protected":false},"excerpt":{"rendered":"<p style=\"text-align: left;\"><span style=\"font-size: small;\"><strong><span style=\"color: #ff6600;\"><span style=\"color: #3366ff;\"><span style=\"font-size: medium;\"><span style=\"color: #2185c2; font-size: small;\"><span style=\"color: #339966;\">MADE <span style=\"color: #c0c0c0;\">IN<\/span><span style=\"color: #ff0000;\"> ITALY<\/span><\/span><\/span><\/span><\/span><\/span><\/strong><\/span><\/p>\n","protected":false},"featured_media":33716,"template":"","meta":{"inline_featured_image":false},"product_brand":[],"product_cat":[1437],"product_tag":[],"class_list":{"0":"post-33715","1":"product","2":"type-product","3":"status-publish","4":"has-post-thumbnail","6":"product_cat-glace-soft-yaourt","7":"pa_alimentation-230-1n-50-60-monophase","8":"pa_capacite-chaque-conteneur-4-litres","9":"pa_codice-produttore-is-cream","10":"pa_commandes-digital","11":"pa_dimensions-l260xp570xh730-mm","12":"pa_ean-2939","13":"pa_fornitore-bras","14":"pa_madeinitaly-oui","15":"pa_materiale-di-plastique","16":"pa_materiale-di-costruzione-inoxydable","17":"pa_nombre-bassins-1-baignoire","18":"pa_puissance-watt-1300-watt","20":"first","21":"instock","22":"taxable","23":"shipping-taxable","24":"purchasable","25":"product-type-simple"},"df_price":4174,"df_sale_price":"","df_regular_price":4174,"df_image_link":"https:\/\/projectfood.fr\/wp-content\/uploads\/2021\/03\/products-is-cream.jpg","_links":{"self":[{"href":"https:\/\/projectfood.fr\/index.php?rest_route=\/wp\/v2\/product\/33715","targetHints":{"allow":["GET"]}}],"collection":[{"href":"https:\/\/projectfood.fr\/index.php?rest_route=\/wp\/v2\/product"}],"about":[{"href":"https:\/\/projectfood.fr\/index.php?rest_route=\/wp\/v2\/types\/product"}],"wp:featuredmedia":[{"embeddable":true,"href":"https:\/\/projectfood.fr\/index.php?rest_route=\/wp\/v2\/media\/33716"}],"wp:attachment":[{"href":"https:\/\/projectfood.fr\/index.php?rest_route=%2Fwp%2Fv2%2Fmedia&parent=33715"}],"wp:term":[{"taxonomy":"product_brand","embeddable":true,"href":"https:\/\/projectfood.fr\/index.php?rest_route=%2Fwp%2Fv2%2Fproduct_brand&post=33715"},{"taxonomy":"product_cat","embeddable":true,"href":"https:\/\/projectfood.fr\/index.php?rest_route=%2Fwp%2Fv2%2Fproduct_cat&post=33715"},{"taxonomy":"product_tag","embeddable":true,"href":"https:\/\/projectfood.fr\/index.php?rest_route=%2Fwp%2Fv2%2Fproduct_tag&post=33715"}],"curies":[{"name":"wp","href":"https:\/\/api.w.org\/{rel}","templated":true}]}}