{"id":34906,"date":"2018-09-13T07:45:59","date_gmt":"2018-09-13T07:45:59","guid":{"rendered":"https:\/\/projectfood-fr.stackstaging.com\/?post_type=product&#038;p=34906"},"modified":"2024-07-19T16:02:56","modified_gmt":"2024-07-19T14:02:56","slug":"lampe-chauffante-en-cuivre-avec-lumiere-rouge-diametre-225-mm","status":"publish","type":"product","link":"https:\/\/projectfood.fr\/?product=lampe-chauffante-en-cuivre-avec-lumiere-rouge-diametre-225-mm","title":{"rendered":"Lampe chauffante en cuivre avec lumi\u00e8re rouge &#8211; diam\u00e8tre 225 mm"},"content":{"rendered":"<h2><span style=\"color: #2185c2; font-size: 16px;\"><strong>Lampe chauffante en cuivre avec lumi\u00e8re rouge <\/strong><\/span><\/h2>\n<p><span style=\"font-size: 15px; color: #000000;\"><strong>La lampe chauffante suspendue <\/strong>est utile pour maintenir la temp\u00e9rature des aliments car ils sont pr\u00e9par\u00e9s au moment o\u00f9 ils sont servis.<\/span><\/p>\n<p><span style=\"font-size: 15px; color: #000000;\">La lampe a une structure <strong>\u00a0robuste en cuivre<\/strong><\/span><\/p>\n<p><span style=\"font-size: 15px; color: #000000;\">R\u00e9glable en hauteur de <strong> 480 mm \u00e0 1550 mm <\/strong>via un c\u00e2ble spiral\u00e9 extensible<\/span><\/p>\n<p><span style=\"font-size: 15px; color: #000000;\">La couleur de la <strong>l<\/strong><strong>umi\u00e8re est rouge<\/strong><\/span><\/p>\n<p><span style=\"font-size: 15px; color: #000000;\"><strong>L&#8217; interrupteur ON\/OFF <\/strong> est plac\u00e9 sur la lampe<\/span><\/p>\n<p><span style=\"font-size: 15px;\"><strong style=\"color: #2185c2;\">ENTRETIEN ORDINAIRE ET NETTOYAGE<\/strong><\/span><\/p>\n<ul>\n<li><span style=\"color: #000000; font-size: 15px;\">Pour nettoyer l\u2019appareil, il faut utiliser uniquement des produits appropri\u00e9s, ils ne doivent pas \u00eatre trop acides s\u2019ils ne nuisent pas \u00e0 la structure de la lampe<\/span><\/li>\n<li><span style=\"color: #000000; font-size: 15px;\">Ne jamais utiliser de paillettes abrasives car elles ab\u00eement la lampe<\/span><\/li>\n<\/ul>\n<p><span style=\"font-size: 15px;\"><strong style=\"color: #2185c2;\">Pour toute information, nous sommes \u00e0 votre disposition<\/strong><\/span><\/p>\n","protected":false},"excerpt":{"rendered":"<p style=\"text-align: center;\"><span style=\"font-size: medium;\"><strong><span style=\"color: #339966;\">MADE <\/span><span style=\"color: #c0c0c0;\">IN<\/span> <span style=\"color: #ff6600;\"><span style=\"color: #ff0000;\">ITALY<\/span>\u00a0 <span style=\"color: #000000;\">&#8211;<\/span> <span style=\"color: #2185c2;\">LIVRAISON PROMPTE<\/span><\/span><\/strong><\/span><\/p>\n","protected":false},"featured_media":34907,"template":"","meta":{"inline_featured_image":false},"product_brand":[],"product_cat":[1964],"product_tag":[],"class_list":{"0":"post-34906","1":"product","2":"type-product","3":"status-publish","4":"has-post-thumbnail","6":"product_cat-lampes-chauffees","7":"pa_alimentation-monophase-230v-1n-50-60hz","8":"pa_allow-quotation-2352","9":"pa_codice-produttore-lr25r","10":"pa_dimensions-oe-225-mm","11":"pa_ean-4035","12":"pa_fornitore-amitek","13":"pa_madeinitaly-oui","14":"pa_materiel-lampe-rame","15":"pa_nombre-lampes-1-3","16":"pa_product-image-size-0-2","17":"pa_prontaconsegna-oui","18":"pa_puissance-absorbee-watt-250-watt-2","19":"pa_typologie-de-lumiere-luce-rossa","20":"pa_typologie-lampe-lampe-a-accrocher","22":"first","23":"instock","24":"taxable","25":"shipping-taxable","26":"purchasable","27":"product-type-simple"},"df_price":232,"df_sale_price":"","df_regular_price":232,"df_image_link":"https:\/\/projectfood.fr\/wp-content\/uploads\/2020\/07\/products-lr25r.jpg","_links":{"self":[{"href":"https:\/\/projectfood.fr\/index.php?rest_route=\/wp\/v2\/product\/34906","targetHints":{"allow":["GET"]}}],"collection":[{"href":"https:\/\/projectfood.fr\/index.php?rest_route=\/wp\/v2\/product"}],"about":[{"href":"https:\/\/projectfood.fr\/index.php?rest_route=\/wp\/v2\/types\/product"}],"wp:featuredmedia":[{"embeddable":true,"href":"https:\/\/projectfood.fr\/index.php?rest_route=\/wp\/v2\/media\/34907"}],"wp:attachment":[{"href":"https:\/\/projectfood.fr\/index.php?rest_route=%2Fwp%2Fv2%2Fmedia&parent=34906"}],"wp:term":[{"taxonomy":"product_brand","embeddable":true,"href":"https:\/\/projectfood.fr\/index.php?rest_route=%2Fwp%2Fv2%2Fproduct_brand&post=34906"},{"taxonomy":"product_cat","embeddable":true,"href":"https:\/\/projectfood.fr\/index.php?rest_route=%2Fwp%2Fv2%2Fproduct_cat&post=34906"},{"taxonomy":"product_tag","embeddable":true,"href":"https:\/\/projectfood.fr\/index.php?rest_route=%2Fwp%2Fv2%2Fproduct_tag&post=34906"}],"curies":[{"name":"wp","href":"https:\/\/api.w.org\/{rel}","templated":true}]}}

Lampe chauffante en cuivre avec lumière rouge &#8211; diamètre 225 mm

<h2><span style="color: #2185c2; font-size: 16px;"><strong>Lampe chauffante en cuivre avec lumière rouge </strong></span></h2>
<p><span style="font-size: 15px; color: #000000;"><strong>La lampe chauffante suspendue </strong>est utile pour maintenir la température des aliments car ils sont préparés au moment où ils sont servis.</span></p>
<p><span style="font-size: 15px; color: #000000;">La lampe a une structure <strong> robuste en cuivre</strong></span></p>
<p><span style="font-size: 15px; color: #000000;">Réglable en hauteur de <strong> 480 mm à 1550 mm </strong>via un câble spiralé extensible</span></p>
<p><span style="font-size: 15px; color: #000000;">La couleur de la <strong>l</strong><strong>umière est rouge</strong></span></p>
<p><span style="font-size: 15px; color: #000000;"><strong>L&#8217; interrupteur ON/OFF </strong> est placé sur la lampe</span></p>
<p><span style="font-size: 15px;"><strong style="color: #2185c2;">ENTRETIEN ORDINAIRE ET NETTOYAGE</strong></span></p>
<ul>
<li><span style="color: #000000; font-size: 15px;">Pour nettoyer l’appareil, il faut utiliser uniquement des produits appropriés, ils ne doivent pas être trop acides s’ils ne nuisent pas à la structure de la lampe</span></li>
<li><span style="color: #000000; font-size: 15px;">Ne jamais utiliser de paillettes abrasives car elles abîment la lampe</span></li>
</ul>
<p><span style="font-size: 15px;"><strong style="color: #2185c2;">Pour toute information, nous sommes à votre disposition</strong></span></p>
