{"id":38917,"date":"2018-09-26T10:46:41","date_gmt":"2018-09-26T10:46:41","guid":{"rendered":"https:\/\/projectfood-fr.stackstaging.com\/?post_type=product&#038;p=38917"},"modified":"2024-08-28T17:54:42","modified_gmt":"2024-08-28T15:54:42","slug":"regulateur-manuel-monophase-de-vitesse-analogique-projectfood","status":"publish","type":"product","link":"https:\/\/projectfood.fr\/?product=regulateur-manuel-monophase-de-vitesse-analogique-projectfood","title":{"rendered":"R\u00e9gulateur manuel monophas\u00e9 de vitesse analogique Projectfood"},"content":{"rendered":"<h2><span style=\"font-size: 16px;\"><strong><span style=\"color: #2185c2;\">R\u00e9gulateur manuel monophas\u00e9 de vitesse <\/span><\/strong><\/span><\/h2>\n<p><span style=\"color: #000000; font-size: 15px;\">Le r\u00e9gulateur permet de <strong> r\u00e9gler la vitesse d\u2019un moteur monophas\u00e9<\/strong> \u00e0 induction de mani\u00e8re simple et pratique en utilisant le <strong>bouton rotatif <\/strong> plac\u00e9 sur le dispositif:<strong> le r\u00e9glage de la vitesse peut \u00eatre r\u00e9gl\u00e9 lin\u00e9airement d\u2019une valeur minimale \u00e0 une valeur maximale\u00a0<\/strong>\u00a0<\/span><\/p>\n<p><span style=\"color: #000000; font-size: 15px;\"><strong>Commande d\u2019une \u00e9lectrovanne externe<\/strong> (ON-OFF ouverture de la chemin\u00e9e ou du gaz). <\/span><\/p>\n<p><span style=\"color: #000000; font-size: 15px;\">Le r\u00e9gulateur permet \u00e9galement de commander un syst\u00e8me d\u2019\u00e9clairage via un interrupteur d\u00e9di\u00e9.<\/span><\/p>\n<p><span style=\"font-size: 15px;\"><strong><span style=\"color: #000000;\">Interrupteur avec alimentation 230 V \/ 1 \/ 50 max 10 A.<\/span><\/strong><\/span><\/p>\n<p><span style=\"color: #000000; font-size: 15px;\"><strong>Dimensions:<\/strong> L 130 mm x P 85 mm x H 60 mm<\/span><\/p>\n<p><span style=\"color: #000000; font-size: 15px;\"><strong>Courant de d\u00e9marrage maximal:<\/strong> 5 A<\/span><\/p>\n<p><span style=\"color: #000000; font-size: 15px;\"><strong>Fusible de protection<\/strong>: Si<\/span><\/p>\n<p><span style=\"font-size: 15px;\"><strong>Contr\u00f4le des lumi\u00e8res:<\/strong> Si<\/span><\/p>\n","protected":false},"excerpt":{"rendered":"<p style=\"text-align: center;\"><strong><span style=\"color: #339966;\">MADE<\/span> <span style=\"color: #c0c0c0;\">IN<\/span><span style=\"color: #ff0000;\"> ITALY<\/span> &#8211;<span style=\"color: #2185c2;\"> LIVRAISON PROMPTE\u00a0\u00a0<\/span><\/strong><\/p>\n","protected":false},"featured_media":38918,"template":"","meta":{"inline_featured_image":false},"product_brand":[],"product_cat":[1651],"product_tag":[],"class_list":{"0":"post-38917","1":"product","2":"type-product","3":"status-publish","4":"has-post-thumbnail","6":"product_cat-hotte-aspiration","7":"pa_allow-quotation-2352","8":"pa_codice-produttore-fe229","9":"pa_dimensions-exterieures-lxpxh-l130xp85xh60-mm","10":"pa_ean-6752","11":"pa_fornitore-fasar","12":"pa_madeinitaly-oui","13":"pa_product-image-size-0-2","14":"pa_prontaconsegna-oui","16":"first","17":"instock","18":"taxable","19":"shipping-taxable","20":"purchasable","21":"product-type-simple"},"df_price":101,"df_sale_price":"","df_regular_price":101,"df_image_link":"https:\/\/projectfood.fr\/wp-content\/uploads\/2021\/01\/products-regolatore_di_velocit_.jpg","_links":{"self":[{"href":"https:\/\/projectfood.fr\/index.php?rest_route=\/wp\/v2\/product\/38917","targetHints":{"allow":["GET"]}}],"collection":[{"href":"https:\/\/projectfood.fr\/index.php?rest_route=\/wp\/v2\/product"}],"about":[{"href":"https:\/\/projectfood.fr\/index.php?rest_route=\/wp\/v2\/types\/product"}],"wp:featuredmedia":[{"embeddable":true,"href":"https:\/\/projectfood.fr\/index.php?rest_route=\/wp\/v2\/media\/38918"}],"wp:attachment":[{"href":"https:\/\/projectfood.fr\/index.php?rest_route=%2Fwp%2Fv2%2Fmedia&parent=38917"}],"wp:term":[{"taxonomy":"product_brand","embeddable":true,"href":"https:\/\/projectfood.fr\/index.php?rest_route=%2Fwp%2Fv2%2Fproduct_brand&post=38917"},{"taxonomy":"product_cat","embeddable":true,"href":"https:\/\/projectfood.fr\/index.php?rest_route=%2Fwp%2Fv2%2Fproduct_cat&post=38917"},{"taxonomy":"product_tag","embeddable":true,"href":"https:\/\/projectfood.fr\/index.php?rest_route=%2Fwp%2Fv2%2Fproduct_tag&post=38917"}],"curies":[{"name":"wp","href":"https:\/\/api.w.org\/{rel}","templated":true}]}}