{"id":39133,"date":"2018-09-29T09:40:52","date_gmt":"2018-09-29T07:40:52","guid":{"rendered":"https:\/\/projectfood-fr.stackstaging.com\/?post_type=product&#038;p=39133"},"modified":"2023-01-18T12:13:28","modified_gmt":"2023-01-18T11:13:28","slug":"tutta-la-camera-in-materiale-refrattario-14","status":"publish","type":"product","link":"https:\/\/projectfood.fr\/?product=tutta-la-camera-in-materiale-refrattario-14","title":{"rendered":"En option TOUTE CHAMBRE en mat\u00e9riau r\u00e9fractaire"},"content":{"rendered":"<p><span style=\"color: #2185c2;\"><strong style=\"color: #2185c2;\">Chambre du four en mat\u00e9riau r\u00e9fractaire d\u00e9j\u00e0 install\u00e9 par nous<\/strong><\/span><\/p>\n<p><span style=\"color: #000000;\">Cette caract\u00e9ristique permet au four de maintenir la chaleur et d\u2019atteindre des temp\u00e9ratures plus \u00e9lev\u00e9es m\u00eame apr\u00e8s l\u2019ouverture. <\/span><\/p>\n<p><span style=\"color: #000000;\">Le ciel et le plan en mat\u00e9riau r\u00e9fractaire permettent une dispersion de la chaleur dans les chambres pendant le cycle de cuisson assurant une cuisson uniforme et une \u00e9conomie d\u2019\u00e9nergie consid\u00e9rable.<\/span><\/p>\n<p>&nbsp;<\/p>\n<p>&nbsp;<\/p>\n","protected":false},"excerpt":{"rendered":"<p style=\"text-align: center;\"><span style=\"font-size: medium;\"><strong><span style=\"color: #339966;\">MADE<\/span><span style=\"color: #c0c0c0;\"> IN<\/span> <span style=\"color: #ff0000;\">ITALY<\/span><\/strong><\/span><\/p>\n<p style=\"text-align: center;\">\n","protected":false},"featured_media":39134,"template":"","meta":{"inline_featured_image":false},"product_brand":[],"product_cat":[1611],"product_tag":[],"class_list":{"0":"post-39133","1":"product","2":"type-product","3":"status-publish","4":"has-post-thumbnail","6":"product_cat-supports-et-hottes","7":"pa_allow-quotation-2352","8":"pa_codice-produttore-9tr","9":"pa_dimensions-exterieures-lxpxh-6923","10":"pa_ean-7009","11":"pa_fornitore-prismafood","12":"pa_madeinitaly-oui","13":"pa_product-image-size-0-2","15":"first","16":"instock","17":"taxable","18":"shipping-taxable","19":"purchasable","20":"product-type-simple"},"df_price":665,"df_sale_price":"","df_regular_price":665,"df_image_link":"https:\/\/projectfood.fr\/wp-content\/uploads\/2020\/07\/products-refrattario-2_1_1_1_1_1_1_1_1_1_1_1_1.jpg","_links":{"self":[{"href":"https:\/\/projectfood.fr\/index.php?rest_route=\/wp\/v2\/product\/39133","targetHints":{"allow":["GET"]}}],"collection":[{"href":"https:\/\/projectfood.fr\/index.php?rest_route=\/wp\/v2\/product"}],"about":[{"href":"https:\/\/projectfood.fr\/index.php?rest_route=\/wp\/v2\/types\/product"}],"wp:featuredmedia":[{"embeddable":true,"href":"https:\/\/projectfood.fr\/index.php?rest_route=\/wp\/v2\/media\/39134"}],"wp:attachment":[{"href":"https:\/\/projectfood.fr\/index.php?rest_route=%2Fwp%2Fv2%2Fmedia&parent=39133"}],"wp:term":[{"taxonomy":"product_brand","embeddable":true,"href":"https:\/\/projectfood.fr\/index.php?rest_route=%2Fwp%2Fv2%2Fproduct_brand&post=39133"},{"taxonomy":"product_cat","embeddable":true,"href":"https:\/\/projectfood.fr\/index.php?rest_route=%2Fwp%2Fv2%2Fproduct_cat&post=39133"},{"taxonomy":"product_tag","embeddable":true,"href":"https:\/\/projectfood.fr\/index.php?rest_route=%2Fwp%2Fv2%2Fproduct_tag&post=39133"}],"curies":[{"name":"wp","href":"https:\/\/api.w.org\/{rel}","templated":true}]}}

En option TOUTE CHAMBRE en matériau réfractaire

<p><span style="color: #2185c2;"><strong style="color: #2185c2;">Chambre du four en matériau réfractaire déjà installé par nous</strong></span></p>
<p><span style="color: #000000;">Cette caractéristique permet au four de maintenir la chaleur et d’atteindre des températures plus élevées même après l’ouverture. </span></p>
<p><span style="color: #000000;">Le ciel et le plan en matériau réfractaire permettent une dispersion de la chaleur dans les chambres pendant le cycle de cuisson assurant une cuisson uniforme et une économie d’énergie considérable.</span></p>
<p>&nbsp;</p>
<p>&nbsp;</p>
