{"id":40775,"date":"2018-10-10T13:20:04","date_gmt":"2018-10-10T13:20:04","guid":{"rendered":"https:\/\/projectfood-fr.stackstaging.com\/?post_type=product&#038;p=40775"},"modified":"2024-07-19T12:38:33","modified_gmt":"2024-07-19T10:38:33","slug":"pedale-electrique-pour-derouleur-de-pizza-modeles-pfsp30ri-pfsp40ri","status":"publish","type":"product","link":"https:\/\/projectfood.fr\/?product=pedale-electrique-pour-derouleur-de-pizza-modeles-pfsp30ri-pfsp40ri","title":{"rendered":"P\u00e9dale \u00e9lectrique pour D\u00e9rouleur de pizza mod\u00e8les PFSP30RI \/ PFSP40RI"},"content":{"rendered":"<p><span style=\"color: #000000; font-size: 15px;\">Accessoire de d\u00e9rouleur de pizza \u00e0 rouleaux inclin\u00e9s.<\/span><\/p>\n<p>&nbsp;<\/p>\n<p>&nbsp;<\/p>\n","protected":false},"excerpt":{"rendered":"<p><span style=\"color: #000000; font-size: 15px;\">Accessoire de d\u00e9rouleur de pizza \u00e0 rouleaux inclin\u00e9s.<\/span><\/p>\n<p>&nbsp;<\/p>\n<p><img decoding=\"async\" src=\"https:\/\/projectfood.fr\/wp-content\/uploads\/2020\/07\/products-MARCHIO-CE-e1472209938610.jpg\" alt=\"MARCHIO CE \" width=\"61\" height=\"41\" \/>\u00a0 \u00a0 \u00a0 \u00a0 \u00a0<img decoding=\"async\" src=\"https:\/\/projectfood.fr\/wp-content\/uploads\/2020\/07\/products-11-5f217a53b9e5d.jpg\" alt=\"MADE IN ITALY\" width=\"59\" height=\"41\" \/><\/p>\n","protected":false},"featured_media":40776,"template":"","meta":{"inline_featured_image":false},"product_brand":[],"product_cat":[],"product_tag":[],"class_list":{"0":"post-40775","1":"product","2":"type-product","3":"status-publish","4":"has-post-thumbnail","6":"pa_codice-produttore-footpedal","7":"pa_ean-8301","8":"pa_fornitore-prismafood","9":"pa_madeinitaly-oui","11":"first","12":"instock","13":"taxable","14":"shipping-taxable","15":"purchasable","16":"product-type-simple"},"df_price":52,"df_sale_price":"","df_regular_price":52,"df_image_link":"https:\/\/projectfood.fr\/wp-content\/uploads\/2020\/07\/products-footpedal.jpg","_links":{"self":[{"href":"https:\/\/projectfood.fr\/index.php?rest_route=\/wp\/v2\/product\/40775","targetHints":{"allow":["GET"]}}],"collection":[{"href":"https:\/\/projectfood.fr\/index.php?rest_route=\/wp\/v2\/product"}],"about":[{"href":"https:\/\/projectfood.fr\/index.php?rest_route=\/wp\/v2\/types\/product"}],"wp:featuredmedia":[{"embeddable":true,"href":"https:\/\/projectfood.fr\/index.php?rest_route=\/wp\/v2\/media\/40776"}],"wp:attachment":[{"href":"https:\/\/projectfood.fr\/index.php?rest_route=%2Fwp%2Fv2%2Fmedia&parent=40775"}],"wp:term":[{"taxonomy":"product_brand","embeddable":true,"href":"https:\/\/projectfood.fr\/index.php?rest_route=%2Fwp%2Fv2%2Fproduct_brand&post=40775"},{"taxonomy":"product_cat","embeddable":true,"href":"https:\/\/projectfood.fr\/index.php?rest_route=%2Fwp%2Fv2%2Fproduct_cat&post=40775"},{"taxonomy":"product_tag","embeddable":true,"href":"https:\/\/projectfood.fr\/index.php?rest_route=%2Fwp%2Fv2%2Fproduct_tag&post=40775"}],"curies":[{"name":"wp","href":"https:\/\/api.w.org\/{rel}","templated":true}]}}