{"id":41614,"date":"2018-10-15T07:55:23","date_gmt":"2018-10-15T07:55:23","guid":{"rendered":"https:\/\/projectfood-fr.stackstaging.com\/?post_type=product&#038;p=41614"},"modified":"2024-11-25T17:52:36","modified_gmt":"2024-11-25T16:52:36","slug":"minibar-noir-de-40-lt-temperature-de-6c-a-12c","status":"publish","type":"product","link":"https:\/\/projectfood.fr\/?product=minibar-noir-de-40-lt-temperature-de-6c-a-12c","title":{"rendered":"Minibar noir de 40 lt &#8211; temp\u00e9rature de +6\u00b0C \u00e0 +12\u00b0C"},"content":{"rendered":"<h2 style=\"text-align: justify;\"><span style=\"font-size: 16px;\"><strong><span style=\"color: #2185c2;\">R\u00e9frig\u00e9rateur \u00e0 boissons minibar avec une porte battante 40 lt &#8211; temp\u00e9rature de +6\u00b0C \u00e0 +12\u00b0C<\/span><\/strong><\/span><\/h2>\n<p><span style=\"color: #000000; text-align: justify; font-size: 15px;\">Le r\u00e9frig\u00e9rateur \u00e0 boissons a une structure interne en plastique blanc et une structure externe en acier pr\u00e9-peint couleur noir.\u00a0\u00a0<\/span><\/p>\n<p><span style=\"font-size: 15px;\"><span style=\"color: #000000;\">La porte est battante avec\u00a0un cadre en abs.<\/span><\/span><\/p>\n<p><span style=\"font-size: 15px; color: #000000;\"><span style=\"text-align: justify;\">La <\/span><strong style=\"text-align: justify;\">r\u00e9frig\u00e9ration est \u00e0 absorption avec NH2<\/strong><\/span><\/p>\n<p><span style=\"font-size: 15px; color: #000000;\"><span style=\"text-align: justify;\">La\u00a0temp\u00e9rature est positive <\/span><strong style=\"text-align: justify;\">de +6\u00b0C \u00e0 + 12\u00b0C<\/strong><span style=\"text-align: justify;\"><span style=\"color: #000000;\">\u00a0et peut \u00eatre <\/span><strong><span style=\"color: #000000;\"> r\u00e9g<\/span>l\u00e9e par un thermostat m\u00e9canique <\/strong><\/span><\/span><\/p>\n<p><span style=\"font-size: 15px;\"><span style=\"color: #000000;\"><span style=\"text-align: justify;\">Il est \u00e9quip\u00e9 <\/span>d\u2019une<strong style=\"text-align: justify;\"> lumi\u00e8re \u00e0 led <\/strong><\/span><span style=\"color: #000000; text-align: justify;\">avec interrupteur On\/Off.<\/span><\/span><\/p>\n<p><span style=\"color: #000000; text-align: justify; font-size: 15px;\">L\u2019eau de condensation a un syst\u00e8me automatique d\u2019\u00e9vaporation.<\/span><\/p>\n<p><span style=\"color: #000000; text-align: justify; font-size: 15px;\">Id\u00e9al pour les bureaux et les chambres d\u2019h\u00f4tel.<\/span><\/p>\n","protected":false},"excerpt":{"rendered":"<p style=\"text-align: center;\"><strong><span style=\"color: #339966; font-size: medium;\"><span style=\"color: #000000;\"><strong style=\"color: #0000ff;\"><span style=\"color: #3366ff;\"><span style=\"color: #2185c2;\">LIVRAISON PROMPTE<\/span><\/span><\/strong><\/span><\/span><\/strong><\/p>\n","protected":false},"featured_media":41615,"template":"","meta":{"inline_featured_image":false},"product_brand":[],"product_cat":[1556],"product_tag":[],"class_list":{"0":"post-41614","1":"product","2":"type-product","3":"status-publish","4":"has-post-thumbnail","6":"product_cat-frigo-bar","7":"pa_alimentation-230-1n-50-monophase","8":"pa_allow-quotation-2352","9":"pa_capacites-refrigerateur-lt-40-lt-4","10":"pa_codice-produttore-mb42","11":"pa_degivrage-automatique-2","12":"pa_dimensions-exterieures-lxpxh-l430xp424xh515-mm","13":"pa_ean-9021","14":"pa_epaisseur-de-lisolation-40-mm","15":"pa_equipement-de-serie-n-2-etageres","16":"pa_evaporation-de-l-automatique","17":"pa_fermeture-de-porte-serrure","18":"pa_fornitore-coolhead","19":"pa_garniture-a-emboitement","20":"pa_gaz-refrigerant-nh2","21":"pa_lumiere-interieure-oui-a-led","22":"pa_max-temperatura-umidita-ambi-32-c","23":"pa_nombre-portes-1-porte","24":"pa_product-image-size-0-2","25":"pa_prontaconsegna-oui","26":"pa_puissance-absorbee-watt-60-watt","27":"pa_structure-frigo-acier-peint-noir","28":"pa_structure-interne-en-abs","29":"pa_temperatura-1-positif","30":"pa_temperature-de-6c-a-12c","31":"pa_tipologia-contr-thermostat-mecanique","32":"pa_tipologia-frigo-b-minibar-3","33":"pa_type-de-refrigeration-refrigeration-statique","34":"pa_types-de-serrures-porte-porte-battante","35":"pa_typologie-porte-porte-aveugle","36":"pa_unite-de-refroidissement-pas-tropicalise","38":"first","39":"instock","40":"taxable","41":"shipping-taxable","42":"purchasable","43":"product-type-simple"},"df_price":262,"df_sale_price":"","df_regular_price":262,"df_image_link":"https:\/\/projectfood.fr\/wp-content\/uploads\/2020\/10\/products-mb40.jpg","_links":{"self":[{"href":"https:\/\/projectfood.fr\/index.php?rest_route=\/wp\/v2\/product\/41614","targetHints":{"allow":["GET"]}}],"collection":[{"href":"https:\/\/projectfood.fr\/index.php?rest_route=\/wp\/v2\/product"}],"about":[{"href":"https:\/\/projectfood.fr\/index.php?rest_route=\/wp\/v2\/types\/product"}],"wp:featuredmedia":[{"embeddable":true,"href":"https:\/\/projectfood.fr\/index.php?rest_route=\/wp\/v2\/media\/41615"}],"wp:attachment":[{"href":"https:\/\/projectfood.fr\/index.php?rest_route=%2Fwp%2Fv2%2Fmedia&parent=41614"}],"wp:term":[{"taxonomy":"product_brand","embeddable":true,"href":"https:\/\/projectfood.fr\/index.php?rest_route=%2Fwp%2Fv2%2Fproduct_brand&post=41614"},{"taxonomy":"product_cat","embeddable":true,"href":"https:\/\/projectfood.fr\/index.php?rest_route=%2Fwp%2Fv2%2Fproduct_cat&post=41614"},{"taxonomy":"product_tag","embeddable":true,"href":"https:\/\/projectfood.fr\/index.php?rest_route=%2Fwp%2Fv2%2Fproduct_tag&post=41614"}],"curies":[{"name":"wp","href":"https:\/\/api.w.org\/{rel}","templated":true}]}}