{"id":41664,"date":"2018-10-15T10:31:02","date_gmt":"2018-10-15T08:31:02","guid":{"rendered":"https:\/\/projectfood-fr.stackstaging.com\/?post_type=product&#038;p=41664"},"modified":"2023-10-03T09:16:41","modified_gmt":"2023-10-03T07:16:41","slug":"filiere-pour-machine-a-pates-fraiches-mpf25n-bucatini","status":"publish","type":"product","link":"https:\/\/projectfood.fr\/?product=filiere-pour-machine-a-pates-fraiches-mpf25n-bucatini","title":{"rendered":"Fili\u00e8re pour machine \u00e0 p\u00e2tes fra\u00eeches (MPF2,5N), Bucatini"},"content":{"rendered":"<p><strong><span style=\"color: #3366ff; font-size: medium;\"><span style=\"color: #2185c2;\"><span style=\"font-size: medium;\">Fili\u00e8re pour machine \u00e0 p\u00e2tes fra\u00eeches<\/span>, Bucatini \u00d8 4 mm<\/span><\/span><\/strong><\/p>\n<p><span style=\"color: #000000;\">Fili\u00e8re pour machine \u00e0 p\u00e2tes fra\u00eeches.<\/span><\/p>\n<div id=\"tab-content\" class=\"tab-content\">\n<div id=\"description\" class=\"tab-pane fade active in\">\n<div class=\"product-description\">\n<div class=\"rte\">\n<div class=\"rte\">\n<p>&nbsp;<\/p>\n<p>&nbsp;<\/p>\n<p>&nbsp;<\/p>\n<p>&nbsp;<\/p>\n<\/div>\n<p>&nbsp;<\/p>\n<\/div>\n<p>&nbsp;<\/p>\n<\/div>\n<p>&nbsp;<\/p>\n<\/div>\n<p>&nbsp;<\/p>\n<\/div>\n","protected":false},"excerpt":{"rendered":"<p><span style=\"color: #000000;\">Fili\u00e8re pour machine \u00e0 p\u00e2tes fra\u00eeches.<\/span><\/p>\n<p>&nbsp;<\/p>\n","protected":false},"featured_media":41665,"template":"","meta":{"inline_featured_image":false},"product_brand":[],"product_cat":[1728],"product_tag":[],"class_list":{"0":"post-41664","1":"product","2":"type-product","3":"status-publish","4":"has-post-thumbnail","6":"product_cat-accessoires-9","7":"pa_allow-quotation-2352","8":"pa_codice-produttore-bc2-5n","10":"first","11":"instock","12":"taxable","13":"shipping-taxable","14":"purchasable","15":"product-type-simple"},"df_price":39.53,"df_sale_price":"","df_regular_price":39.53,"df_image_link":"https:\/\/projectfood.fr\/wp-content\/uploads\/2020\/07\/products-bucatini_3_1.jpg","_links":{"self":[{"href":"https:\/\/projectfood.fr\/index.php?rest_route=\/wp\/v2\/product\/41664","targetHints":{"allow":["GET"]}}],"collection":[{"href":"https:\/\/projectfood.fr\/index.php?rest_route=\/wp\/v2\/product"}],"about":[{"href":"https:\/\/projectfood.fr\/index.php?rest_route=\/wp\/v2\/types\/product"}],"wp:featuredmedia":[{"embeddable":true,"href":"https:\/\/projectfood.fr\/index.php?rest_route=\/wp\/v2\/media\/41665"}],"wp:attachment":[{"href":"https:\/\/projectfood.fr\/index.php?rest_route=%2Fwp%2Fv2%2Fmedia&parent=41664"}],"wp:term":[{"taxonomy":"product_brand","embeddable":true,"href":"https:\/\/projectfood.fr\/index.php?rest_route=%2Fwp%2Fv2%2Fproduct_brand&post=41664"},{"taxonomy":"product_cat","embeddable":true,"href":"https:\/\/projectfood.fr\/index.php?rest_route=%2Fwp%2Fv2%2Fproduct_cat&post=41664"},{"taxonomy":"product_tag","embeddable":true,"href":"https:\/\/projectfood.fr\/index.php?rest_route=%2Fwp%2Fv2%2Fproduct_tag&post=41664"}],"curies":[{"name":"wp","href":"https:\/\/api.w.org\/{rel}","templated":true}]}}