{"id":42147,"date":"2018-10-17T10:48:25","date_gmt":"2018-10-17T10:48:25","guid":{"rendered":"https:\/\/projectfood-fr.stackstaging.com\/?post_type=product&#038;p=42147"},"modified":"2024-07-08T17:15:17","modified_gmt":"2024-07-08T15:15:17","slug":"presse-manuelle-pour-hamburger-diametre-100-mm","status":"publish","type":"product","link":"https:\/\/projectfood.fr\/?product=presse-manuelle-pour-hamburger-diametre-100-mm","title":{"rendered":"Presse manuelle pour hamburger diam\u00e8tre 100 mm"},"content":{"rendered":"<h2><span style=\"color: #2185c2; font-size: 16px;\"><strong>Presse manuelle pour hamburger diam\u00e8tre 100 mm<\/strong><\/span><\/h2>\n<p><span style=\"color: #000000; font-size: 15px;\">La presse \u00e0 hamburger est un \u00e9l\u00e9ment essentiel pour les boucheries, les restaurants, les fast-foods et les services de restauration.<\/span><\/p>\n<p><span style=\"color: #000000; font-size: 15px;\">C\u2019est un accessoire <strong>facile \u00e0 utiliser<\/strong> qui permet de compacter la viande et d\u2019obtenir de mani\u00e8re simple et imm\u00e9diate un produit tr\u00e8s r\u00e9pandu et polyvalent.<\/span><\/p>\n<p><span style=\"color: #000000; font-size: 15px;\">L\u2019appareil a une <strong>structure solide en aluminium anodis\u00e9<\/strong>, avec une <strong>base en caoutchouc <\/strong>pour assurer une bonne \u00e9tanch\u00e9it\u00e9 sur la surface d\u2019appui.<\/span><\/p>\n<p><span style=\"color: #000000; font-size: 15px;\">La presse \u00e0 hamburger est facile \u00e0 utiliser, car elle permet en peu de temps un excellent produit fini. Il suffit en effet de placer une portion de produit sur le moule et d\u2019abaisser manuellement le levier.<\/span><\/p>\n<p><span style=\"color: #2185c2; font-size: 15px;\"><strong>ACCESSOIRES NON INCLUS\u00a0:<\/strong><\/span><\/p>\n<ul>\n<li><span style=\"color: #000000; font-size: 15px;\">Emballage papier de 1 kg\u00a0\u00a0<\/span><\/li>\n<\/ul>\n","protected":false},"excerpt":{"rendered":"<p><span style=\"color: #000000;\"><strong><span style=\"color: #339966;\">MADE<\/span> <span style=\"color: #d1cfcf;\">IN<\/span> <span style=\"color: #ff0000;\">ITALY<\/span> &#8211; <span style=\"color: #2185c2; font-size: large;\"><span style=\"font-size: 16px;\">LIVRAISON PROMPTE<\/span><\/span><\/strong><\/span><\/p>\n","protected":false},"featured_media":72255,"template":"","meta":{"inline_featured_image":false},"product_brand":[],"product_cat":[1627],"product_tag":[],"class_list":{"0":"post-42147","1":"product","2":"type-product","3":"status-publish","4":"has-post-thumbnail","6":"product_cat-presse-hamburgers","7":"pa_24-heures-si-7","8":"pa_codice-produttore-fha100","9":"pa_diametre-burger-diametre-100-mm","10":"pa_dimension-exterieure-lxp-l190xp250xh320-mm","11":"pa_ean-21143","12":"pa_madeinitaly-oui","13":"pa_materiel-de-construction-aluminium-anodise","15":"first","16":"instock","17":"taxable","18":"shipping-taxable","19":"purchasable","20":"product-type-simple"},"df_price":253,"df_sale_price":"","df_regular_price":253,"df_image_link":"https:\/\/projectfood.fr\/wp-content\/uploads\/2018\/10\/PFH100AM-min-300x300.jpg","_links":{"self":[{"href":"https:\/\/projectfood.fr\/index.php?rest_route=\/wp\/v2\/product\/42147","targetHints":{"allow":["GET"]}}],"collection":[{"href":"https:\/\/projectfood.fr\/index.php?rest_route=\/wp\/v2\/product"}],"about":[{"href":"https:\/\/projectfood.fr\/index.php?rest_route=\/wp\/v2\/types\/product"}],"wp:featuredmedia":[{"embeddable":true,"href":"https:\/\/projectfood.fr\/index.php?rest_route=\/wp\/v2\/media\/72255"}],"wp:attachment":[{"href":"https:\/\/projectfood.fr\/index.php?rest_route=%2Fwp%2Fv2%2Fmedia&parent=42147"}],"wp:term":[{"taxonomy":"product_brand","embeddable":true,"href":"https:\/\/projectfood.fr\/index.php?rest_route=%2Fwp%2Fv2%2Fproduct_brand&post=42147"},{"taxonomy":"product_cat","embeddable":true,"href":"https:\/\/projectfood.fr\/index.php?rest_route=%2Fwp%2Fv2%2Fproduct_cat&post=42147"},{"taxonomy":"product_tag","embeddable":true,"href":"https:\/\/projectfood.fr\/index.php?rest_route=%2Fwp%2Fv2%2Fproduct_tag&post=42147"}],"curies":[{"name":"wp","href":"https:\/\/api.w.org\/{rel}","templated":true}]}}