{"id":47462,"date":"2019-08-20T17:10:13","date_gmt":"2019-08-20T15:10:13","guid":{"rendered":"https:\/\/projectfood-fr.stackstaging.com\/?post_type=product&#038;p=47462"},"modified":"2024-02-24T12:45:23","modified_gmt":"2024-02-24T11:45:23","slug":"table-de-travail-chaufee-coulissante-en-acier-inox-l1400xp700xh850-mm-ligne-basic","status":"publish","type":"product","link":"https:\/\/projectfood.fr\/?product=table-de-travail-chaufee-coulissante-en-acier-inox-l1400xp700xh850-mm-ligne-basic","title":{"rendered":"Table de Travail chauf\u00e9e coulissante en acier inoxydable L1400xP700xH850 mm &#8211; ligne basic"},"content":{"rendered":"<p><span style=\"color: #3366ff;\"><strong><span style=\"color: #2185c2;\">Table de Travail chauff\u00e9e coulissante en Acier Inox<\/span><\/strong><\/span><\/p>\n<p><span style=\"color: #000000;\">La Table a une <strong>robuste structure en acier INOX<\/strong> 18\/10 &#8211; AISI 430 avec finition Scotch Brite<strong>.<\/strong><\/span><\/p>\n<p><span style=\"color: #000000;\">La Table de travail est en <strong>Acier Inox AISI 304<\/strong> avec \u00e9paisseur de 40 mm<strong> renforc\u00e9 en bois agglom\u00e9r\u00e9 bilamin\u00e9 hydrofuge<\/strong><\/span><\/p>\n<p><span style=\"color: #000000;\"><strong>Notre acier est certifi\u00e9 MOCA pour une utilisation alimentaire.<\/strong><\/span><\/p>\n<p><span style=\"color: #000000;\">La table peut \u00eatre r\u00e9gl\u00e9 en hauteur gr\u00e2ce aux quatre <strong>pieds r\u00e9glables.<\/strong><\/span><\/p>\n<p><span style=\"color: #000000;\">La table chauff\u00e9e a<strong><strong> l\u2019alimentation monophas\u00e9e <\/strong><\/strong><strong><strong>\u00a0avec une temp\u00e9rature de fonctionnement r\u00e9glable <\/strong><\/strong><strong><strong>de 30\u00b0 C \u00e0 90 \u00b0C.<\/strong><\/strong><\/span><\/p>\n<p><span style=\"color: #000000;\">Le syst\u00e8me de chauffage fonctionne gr\u00e2ce \u00e0 une <strong>r\u00e9sistance circulaire<\/strong> situ\u00e9e sur le c\u00f4t\u00e9 droit de la table, un ventilateur de circulation est utilis\u00e9 pour <strong>distribuer la chaleur.<\/strong><\/span><\/p>\n<p><span style=\"color: #000000;\">La table est \u00e9quip\u00e9e par <strong>deux<\/strong> <strong>ouverture<\/strong> avec <strong>portes coulissantes <\/strong>amovibles<\/span><\/p>\n<p><strong style=\"color: #2185c2;\">\u00c9QUIPEMENT DE S\u00c9RIE:<\/strong><\/p>\n<p><span style=\"color: #000000;\">&#8211; Pieds R\u00e9glables<\/span><\/p>\n<p><strong style=\"color: #2185c2;\">NETTOYANT ET ENTRETIEN\u00a0<\/strong><\/p>\n<p><span style=\"color: #000000;\">La table a besoin d\u2019un nettoyage constant pour durer.<\/span><\/p>\n<p><span style=\"color: #000000;\"><strong><span style=\"text-decoration: underline;\">Ne pas utiliser de produits acides et agressifs<\/span><\/strong> pour le nettoyage de l\u2019acier<\/span><\/p>\n<p><span style=\"color: #000000;\">Pour toute information, le personnel de <span style=\"color: #2185c2;\"><strong>Projectfood<\/strong><\/span> est \u00e0 votre disposition<\/span><\/p>\n","protected":false},"excerpt":{"rendered":"<p style=\"text-align: center;\"><strong><span style=\"color: #339966;\">MADE<\/span> <span style=\"color: #c0c0c0;\">IN<\/span><span style=\"color: #ff0000;\"> ITALY<\/span> &#8211; <span style=\"color: #2185c2;\">ACIER INOX AISI<\/span><\/strong><\/p>\n","protected":false},"featured_media":47463,"template":"","meta":{"inline_featured_image":false},"product_brand":[],"product_cat":[1856],"product_tag":[],"class_list":{"0":"post-47462","1":"product","2":"type-product","3":"status-publish","4":"has-post-thumbnail","6":"product_cat-profondeur-700-11","7":"pa_allow-quotation-2352","8":"pa_codice-produttore-dstacpx147","9":"pa_commode-non","10":"pa_dosseret-non","11":"pa_ean-12590","12":"pa_etagere-intermediaire-oui","13":"pa_fornitore-ristopro","14":"pa_hauteur-comptoir-850-mm-2","15":"pa_longueur-table-1400-mm-3","16":"pa_madeinitaly-oui","17":"pa_nombre-portes-2-8","18":"pa_product-image-size-0-2","19":"pa_profondita-ta-700-mm-5","20":"pa_puissance-watt-5448","21":"pa_typologie-comptoir-table-equipe","22":"pa_typologie-dacier-aisi-304-430","23":"pa_typologie-porte-coulissant","25":"first","26":"instock","27":"taxable","28":"shipping-taxable","29":"purchasable","30":"product-type-simple"},"df_price":861,"df_sale_price":"","df_regular_price":861,"df_image_link":"https:\/\/projectfood.fr\/wp-content\/uploads\/2021\/07\/products-pfetacp147-min.jpg","_links":{"self":[{"href":"https:\/\/projectfood.fr\/index.php?rest_route=\/wp\/v2\/product\/47462","targetHints":{"allow":["GET"]}}],"collection":[{"href":"https:\/\/projectfood.fr\/index.php?rest_route=\/wp\/v2\/product"}],"about":[{"href":"https:\/\/projectfood.fr\/index.php?rest_route=\/wp\/v2\/types\/product"}],"wp:featuredmedia":[{"embeddable":true,"href":"https:\/\/projectfood.fr\/index.php?rest_route=\/wp\/v2\/media\/47463"}],"wp:attachment":[{"href":"https:\/\/projectfood.fr\/index.php?rest_route=%2Fwp%2Fv2%2Fmedia&parent=47462"}],"wp:term":[{"taxonomy":"product_brand","embeddable":true,"href":"https:\/\/projectfood.fr\/index.php?rest_route=%2Fwp%2Fv2%2Fproduct_brand&post=47462"},{"taxonomy":"product_cat","embeddable":true,"href":"https:\/\/projectfood.fr\/index.php?rest_route=%2Fwp%2Fv2%2Fproduct_cat&post=47462"},{"taxonomy":"product_tag","embeddable":true,"href":"https:\/\/projectfood.fr\/index.php?rest_route=%2Fwp%2Fv2%2Fproduct_tag&post=47462"}],"curies":[{"name":"wp","href":"https:\/\/api.w.org\/{rel}","templated":true}]}}