{"id":50316,"date":"2019-11-12T14:32:52","date_gmt":"2019-11-12T13:32:52","guid":{"rendered":"https:\/\/projectfood-fr.stackstaging.com\/?post_type=product&#038;p=50316"},"modified":"2024-11-25T18:01:31","modified_gmt":"2024-11-25T17:01:31","slug":"vitrine-refrigerateur-de-comptoir-avec-verre-carre-capacite-160-lt","status":"publish","type":"product","link":"https:\/\/projectfood.fr\/?product=vitrine-refrigerateur-de-comptoir-avec-verre-carre-capacite-160-lt","title":{"rendered":"Vitrine r\u00e9frig\u00e9rateur de comptoir avec verre carr\u00e9 &#8211; Capacit\u00e9 160 lt"},"content":{"rendered":"<h2><span style=\"color: #2185c2; font-size: 16px;\"><strong>Vitrine r\u00e9frig\u00e9rateur de comptoir avec verre carr\u00e9 &#8211; Capacit\u00e9 160 lt\u00a0<\/strong><\/span><\/h2>\n<p><span style=\"font-size: 15px; color: #000000;\">Pr\u00e9sentoir \u00e0<strong> r\u00e9frig\u00e9ration ventil\u00e9e\u00a0 <\/strong>avec<strong> d\u00e9givrage automatique <\/strong>et barquette \u00e0 condensation.<\/span><\/p>\n<p><span style=\"font-size: 15px; color: #000000;\">Temp\u00e9rature d\u2019exercice<strong> de 0\u00b0C \u00e0 +12\u00b0C <\/strong>\u00e0 l\u2019arri\u00e8re du banc et contr\u00f4lable par <strong>l\u2019unit\u00e9 de commande digitale.<\/strong><\/span><\/p>\n<p><span style=\"font-size: 15px; color: #000000;\">\u00c9clairage <strong>LED <\/strong>avec interrupteur<strong> ON\/OFF.<\/strong><\/span><\/p>\n<p><span style=\"color: #000000; font-size: 15px;\">Structure ext\u00e9rieure en acier inox, plastique et verre.<\/span><\/p>\n<p><span style=\"font-size: 15px; color: #000000;\"><strong>Gaz r\u00e9frig\u00e9rant \u00e9cologique R600A.<\/strong><\/span><\/p>\n<p><span style=\"color: #000000; font-size: 15px;\"><span style=\"color: #2185c2;\"><strong>\u00c9QUIPEMENT DE S\u00c9RIE<\/strong><\/span><\/span><\/p>\n<ul>\n<li><span style=\"color: #000000; font-size: 15px;\">\u00c9clairage led<\/span><\/li>\n<li><span style=\"font-size: 15px; color: #000000;\">N.1 Grille Chrom\u00e9e L810xP330 mm<\/span><\/li>\n<li><span style=\"font-size: 15px; color: #000000;\">N.1 Grille Chrom\u00e9e L810xP360 mm<\/span><\/li>\n<\/ul>\n","protected":false},"excerpt":{"rendered":"<p style=\"text-align: left;\"><span style=\"color: #3366ff;\"><strong><span style=\"color: #2185c2; font-size: medium;\">LIVRAISON PROMPTE<\/span><\/strong><\/span><\/p>\n<p><iframe title=\"YouTube video player\" src=\"https:\/\/www.youtube.com\/embed\/-RzKKAX6OrA\" width=\"358\" height=\"201\" frameborder=\"0\" allowfullscreen=\"allowfullscreen\"><\/iframe><\/p>\n","protected":false},"featured_media":50317,"template":"","meta":{"inline_featured_image":false},"product_brand":[],"product_cat":[1586,1446],"product_tag":[],"class_list":{"0":"post-50316","1":"product","2":"type-product","3":"status-publish","4":"has-post-thumbnail","6":"product_cat-vitrines-a-poser","7":"product_cat-vitrines-froides","8":"pa_24-heures-si-7","9":"pa_alimentation-230v-1n-50hz-monophase","10":"pa_allow-quotation-2352","11":"pa_capacite-lt-160-lt","12":"pa_codice-produttore-ak160efq","13":"pa_controle-de-temperature-digitale-2","14":"pa_degivrage-automatique-2","15":"pa_dimensions-exterieures-lxpxh-l880xp568xh686-mm","16":"pa_dimensions-internes-lxpxh-l843xp465xh410-mm","17":"pa_ean-14194","18":"pa_equipement-de-serie-n-2-grilles-chromees-2","19":"pa_evaporation-de-l-automatique","20":"pa_fornitore-amitek","21":"pa_gaz-refrigerant-r600a","22":"pa_max-temperatura-umidita-ambi-30-c-55-hr","23":"pa_nombre-etageres-2-etage","24":"pa_product-image-size-0-2","25":"pa_puissance-watt-290-watt-2","26":"pa_temperatura-1-positif","27":"pa_temperature-0-c-12-c","28":"pa_type-de-refrigeration-refrigeration-ventilee","29":"pa_typologie-de-presentoirs-vetrinette-refrigerate","31":"first","32":"instock","33":"taxable","34":"shipping-taxable","35":"purchasable","36":"product-type-simple"},"df_price":818,"df_sale_price":"","df_regular_price":818,"df_image_link":"https:\/\/projectfood.fr\/wp-content\/uploads\/2020\/07\/products-pf160efq.jpg","_links":{"self":[{"href":"https:\/\/projectfood.fr\/index.php?rest_route=\/wp\/v2\/product\/50316","targetHints":{"allow":["GET"]}}],"collection":[{"href":"https:\/\/projectfood.fr\/index.php?rest_route=\/wp\/v2\/product"}],"about":[{"href":"https:\/\/projectfood.fr\/index.php?rest_route=\/wp\/v2\/types\/product"}],"wp:featuredmedia":[{"embeddable":true,"href":"https:\/\/projectfood.fr\/index.php?rest_route=\/wp\/v2\/media\/50317"}],"wp:attachment":[{"href":"https:\/\/projectfood.fr\/index.php?rest_route=%2Fwp%2Fv2%2Fmedia&parent=50316"}],"wp:term":[{"taxonomy":"product_brand","embeddable":true,"href":"https:\/\/projectfood.fr\/index.php?rest_route=%2Fwp%2Fv2%2Fproduct_brand&post=50316"},{"taxonomy":"product_cat","embeddable":true,"href":"https:\/\/projectfood.fr\/index.php?rest_route=%2Fwp%2Fv2%2Fproduct_cat&post=50316"},{"taxonomy":"product_tag","embeddable":true,"href":"https:\/\/projectfood.fr\/index.php?rest_route=%2Fwp%2Fv2%2Fproduct_tag&post=50316"}],"curies":[{"name":"wp","href":"https:\/\/api.w.org\/{rel}","templated":true}]}}

Vitrine réfrigérateur de comptoir avec verre carré &#8211; Capacité 160 lt

<h2><span style="color: #2185c2; font-size: 16px;"><strong>Vitrine réfrigérateur de comptoir avec verre carré &#8211; Capacité 160 lt </strong></span></h2>
<p><span style="font-size: 15px; color: #000000;">Présentoir à<strong> réfrigération ventilée  </strong>avec<strong> dégivrage automatique </strong>et barquette à condensation.</span></p>
<p><span style="font-size: 15px; color: #000000;">Température d’exercice<strong> de 0°C à +12°C </strong>à l’arrière du banc et contrôlable par <strong>l’unité de commande digitale.</strong></span></p>
<p><span style="font-size: 15px; color: #000000;">Éclairage <strong>LED </strong>avec interrupteur<strong> ON/OFF.</strong></span></p>
<p><span style="color: #000000; font-size: 15px;">Structure extérieure en acier inox, plastique et verre.</span></p>
<p><span style="font-size: 15px; color: #000000;"><strong>Gaz réfrigérant écologique R600A.</strong></span></p>
<p><span style="color: #000000; font-size: 15px;"><span style="color: #2185c2;"><strong>ÉQUIPEMENT DE SÉRIE</strong></span></span></p>
<ul>
<li><span style="color: #000000; font-size: 15px;">Éclairage led</span></li>
<li><span style="font-size: 15px; color: #000000;">N.1 Grille Chromée L810xP330 mm</span></li>
<li><span style="font-size: 15px; color: #000000;">N.1 Grille Chromée L810xP360 mm</span></li>
</ul>
