{"id":52148,"date":"2020-05-03T08:47:55","date_gmt":"2020-05-03T08:47:55","guid":{"rendered":"https:\/\/projectfood-fr.stackstaging.com\/?post_type=product&#038;p=52148"},"modified":"2024-02-24T12:29:02","modified_gmt":"2024-02-24T11:29:02","slug":"fry-top-professionnel-de-table-electrique-avec-plaque-rayee-simple","status":"publish","type":"product","link":"https:\/\/projectfood.fr\/?product=fry-top-professionnel-de-table-electrique-avec-plaque-rayee-simple","title":{"rendered":"Fry-Top professionnel de table \u00e9lectrique avec plaque ray\u00e9e simple"},"content":{"rendered":"<h2 style=\"text-align: left;\"><span style=\"color: #1784c4; font-size: 16px;\"><strong><span style=\"font-family: helvetica;\">Fry-Top \u00e9lectrique triphas\u00e9 avec plaque ray\u00e9e \u00e0 une zone de cuisson &#8211; profondeur 600 mm\u00a0<\/span><\/strong><\/span><\/h2>\n<p><span style=\"color: #000000; font-size: 15px;\">Le <strong>Fry Top professionnel <\/strong>est utile dans les bars, restaurants et h\u00f4tels pour<strong> griller \u00e0 sec ou \u00e0 l\u2019huile<\/strong><\/span><\/p>\n<p><span style=\"color: #000000; font-size: 15px;\">Le Fry top a une <strong>structure<\/strong> robuste en <strong>Acier Inox aisi 304. <\/strong>La<strong> Plaque Ray\u00e9e est <\/strong>r\u00e9alis\u00e9e<strong> en Acier Inox<\/strong><\/span><\/p>\n<p><span style=\"color: #000000; font-size: 15px;\">Le Fry Top\u00a0est<strong> facile \u00e0 utiliser<\/strong> gr\u00e2ce \u00e0 la pr\u00e9sence d\u2019une seule<strong> commande qui permet de r\u00e9gler la temp\u00e9rature de 0\u00b0C \u00e0 330\u00b0C <\/strong>avec voyant indiquant l\u2019arriv\u00e9e en temp\u00e9rature et l\u2019allumage<\/span><\/p>\n<p><span style=\"color: #000000; font-size: 15px;\">La machine est \u00e9quip\u00e9e d\u2019un<strong> tiroir \u00e0 r\u00e9sidus <\/strong>facile \u00e0 enlever et \u00e0 nettoyer<\/span><\/p>\n<p><span style=\"color: #2185c2; font-size: 15px;\"><strong>Pour toute information, nous sommes \u00e0 votre disposition<\/strong><\/span><\/p>\n","protected":false},"excerpt":{"rendered":"<p style=\"text-align: center;\"><span style=\"font-size: small;\"><strong><span style=\"color: #ff6600;\"><span style=\"color: #3366ff;\"><span style=\"font-size: medium;\"><span style=\"color: #2185c2;\"><span style=\"color: #339966;\">MADE <span style=\"color: #c0c0c0;\">IN<\/span> <span style=\"color: #ff0000;\">ITALY<\/span><\/span><span style=\"color: #000000;\">\u00a0<\/span><\/span><\/span><br \/>\n<\/span><\/span><\/strong><\/span><\/p>\n","protected":false},"featured_media":52149,"template":"","meta":{"inline_featured_image":false},"product_brand":[],"product_cat":[2012,2011],"product_tag":[],"class_list":{"0":"post-52148","1":"product","2":"type-product","3":"status-publish","4":"has-post-thumbnail","6":"product_cat-fry-top-de-table-electrique-prof-60-cm","7":"product_cat-fry-top-de-table-prof-60-cm","8":"pa_alimentation-electrique-4","9":"pa_codice-produttore-ftrt-64et","10":"pa_consommation-maximale-kw-4-5-kw","11":"pa_delais-de-livraison-5-10-jours-ouvrables","12":"pa_dimensions-lxpxh-mm-l400xp600xh280-mm","13":"pa_ean-15402","14":"pa_equipement-de-serie-recuperez-dechets","15":"pa_fornitore-lotus","16":"pa_indice-de-protection-de-leau-ipx5","17":"pa_madeinitaly-oui","18":"pa_materiale-di-co-acier","19":"pa_nombre-zone-de-cuisson-1-6","20":"pa_predisposition-triphase-380-415-v-3-n","21":"pa_profondeur-600-mm-7","22":"pa_puissance-watt-4500-watt","23":"pa_structure-externe-acier-inoxydable-304","24":"pa_temperature-140-330","25":"pa_type-commande-manuelle","26":"pa_type-plaque-rayee","27":"pa_voltage-380-415-v-3-n-su-richiesta-220-240-3-v","29":"first","30":"instock","31":"taxable","32":"shipping-taxable","33":"purchasable","34":"product-type-simple"},"df_price":1128,"df_sale_price":"","df_regular_price":1128,"df_image_link":"https:\/\/projectfood.fr\/wp-content\/uploads\/2020\/07\/products-pf64efr.jpg","_links":{"self":[{"href":"https:\/\/projectfood.fr\/index.php?rest_route=\/wp\/v2\/product\/52148","targetHints":{"allow":["GET"]}}],"collection":[{"href":"https:\/\/projectfood.fr\/index.php?rest_route=\/wp\/v2\/product"}],"about":[{"href":"https:\/\/projectfood.fr\/index.php?rest_route=\/wp\/v2\/types\/product"}],"wp:featuredmedia":[{"embeddable":true,"href":"https:\/\/projectfood.fr\/index.php?rest_route=\/wp\/v2\/media\/52149"}],"wp:attachment":[{"href":"https:\/\/projectfood.fr\/index.php?rest_route=%2Fwp%2Fv2%2Fmedia&parent=52148"}],"wp:term":[{"taxonomy":"product_brand","embeddable":true,"href":"https:\/\/projectfood.fr\/index.php?rest_route=%2Fwp%2Fv2%2Fproduct_brand&post=52148"},{"taxonomy":"product_cat","embeddable":true,"href":"https:\/\/projectfood.fr\/index.php?rest_route=%2Fwp%2Fv2%2Fproduct_cat&post=52148"},{"taxonomy":"product_tag","embeddable":true,"href":"https:\/\/projectfood.fr\/index.php?rest_route=%2Fwp%2Fv2%2Fproduct_tag&post=52148"}],"curies":[{"name":"wp","href":"https:\/\/api.w.org\/{rel}","templated":true}]}}

Fry-Top professionnel de table électrique avec plaque rayée simple

<h2 style="text-align: left;"><span style="color: #1784c4; font-size: 16px;"><strong><span style="font-family: helvetica;">Fry-Top électrique triphasé avec plaque rayée à une zone de cuisson &#8211; profondeur 600 mm </span></strong></span></h2>
<p><span style="color: #000000; font-size: 15px;">Le <strong>Fry Top professionnel </strong>est utile dans les bars, restaurants et hôtels pour<strong> griller à sec ou à l’huile</strong></span></p>
<p><span style="color: #000000; font-size: 15px;">Le Fry top a une <strong>structure</strong> robuste en <strong>Acier Inox aisi 304. </strong>La<strong> Plaque Rayée est </strong>réalisée<strong> en Acier Inox</strong></span></p>
<p><span style="color: #000000; font-size: 15px;">Le Fry Top est<strong> facile à utiliser</strong> grâce à la présence d’une seule<strong> commande qui permet de régler la température de 0°C à 330°C </strong>avec voyant indiquant l’arrivée en température et l’allumage</span></p>
<p><span style="color: #000000; font-size: 15px;">La machine est équipée d’un<strong> tiroir à résidus </strong>facile à enlever et à nettoyer</span></p>
<p><span style="color: #2185c2; font-size: 15px;"><strong>Pour toute information, nous sommes à votre disposition</strong></span></p>
