{"id":52325,"date":"2020-05-11T22:20:35","date_gmt":"2020-05-11T22:20:35","guid":{"rendered":"https:\/\/projectfood-fr.stackstaging.com\/?post_type=product&#038;p=52325"},"modified":"2024-02-24T12:30:32","modified_gmt":"2024-02-24T11:30:32","slug":"personnalisation-lave-vaisselle-sur-tous-les-cotes-de-la-machine","status":"publish","type":"product","link":"https:\/\/projectfood.fr\/?product=personnalisation-lave-vaisselle-sur-tous-les-cotes-de-la-machine","title":{"rendered":"Personnalisation lave-vaisselle sur tous les c\u00f4t\u00e9s de la machine"},"content":{"rendered":"<p style=\"text-align: justify;\"><span style=\"color: #2185c2;\"><strong><span style=\"font-size: medium;\">Personnalisation de le lave-vaisselle<\/span><\/strong><\/span><\/p>\n<p><span style=\"color: #000000;\"><strong style=\"text-align: justify;\">Projectfood<\/strong><span style=\"text-align: justify;\"> a pens\u00e9 de donner la possibilit\u00e9 de personnaliser votre lave-vaisselle<\/span><\/span><\/p>\n<p><span style=\"color: #000000; text-align: justify;\">Pour proc\u00e9der \u00e0 cette personnalisation mettre dans le panier la personnalisation est contact\u00e9e par notre graphique vous demandant ce que vous voulez mettre<\/span><\/p>\n<p><span style=\"color: #000000; text-align: justify;\">Ensuite, le lave-verres viendra \u00e0 vous personnalis\u00e9 en 10 jours\u00a0<\/span><\/p>\n<p><span style=\"color: #000000; text-align: justify;\">Les films mis en place ont \u00e9t\u00e9 con\u00e7us pour durer<\/span><\/p>\n<p><strong style=\"color: #2185c2; text-align: justify;\">COMMENT FONCTIONNE LA PERSONNALISATION DU LAVE-VAISSELLE?<\/strong><\/p>\n<p><span style=\"color: #000000;\"><span style=\"text-align: justify;\">Projectfood vous donne la possibilit\u00e9 de personnaliser le<\/span><strong style=\"text-align: justify;\">\u00a0lave-vaisselle avec des graphiques personnalis\u00e9s<\/strong><span style=\"text-align: justify;\">, ce qui permet d\u2019avoir un lave-vaisselle \u00e0 la fois fonctionnel et d\u2019ameublement<\/span><\/span><\/p>\n<p><span style=\"color: #000000; text-align: justify;\">Une fois que vous avez achet\u00e9 la personnalisation, vous devrez nous fournir le graphique \u00e0 appliquer ou demander \u00e0 un de nos graphistes de le d\u00e9velopper<\/span><\/p>\n<p><span style=\"color: #000000; text-align: justify;\">Si vous avez besoin de graphiques, vous devez ajouter le KIT STUDIO GRAPHIQUE<\/span><\/p>\n<p><strong style=\"color: #2185c2; text-align: justify;\">Pour toute information, nous sommes \u00e0 votre disposition<\/strong><\/p>\n","protected":false},"excerpt":{"rendered":"<p style=\"text-align: center;\"><strong><span style=\"color: #339966; font-size: small;\"><span style=\"color: #2185c2;\">RENDEZ VOTRE LAVE-VAISSELLE UNIQUE AVEC PROJECTFOOD<\/span><\/span><\/strong><\/p>\n","protected":false},"featured_media":52326,"template":"","meta":{"inline_featured_image":false},"product_brand":[],"product_cat":[],"product_tag":[],"class_list":{"0":"post-52325","1":"product","2":"type-product","3":"status-publish","4":"has-post-thumbnail","6":"pa_allow-quotation-2352","7":"pa_codice-produttore-pers-jet-500","8":"pa_ean-15582","9":"pa_fornitore-sistema-project","10":"pa_product-image-size-0-2","12":"first","13":"instock","14":"taxable","15":"shipping-taxable","16":"purchasable","17":"product-type-simple"},"df_price":489,"df_sale_price":"","df_regular_price":489,"df_image_link":"https:\/\/projectfood.fr\/wp-content\/uploads\/2020\/07\/products-lavabicchieri_logo_1_1.jpg","_links":{"self":[{"href":"https:\/\/projectfood.fr\/index.php?rest_route=\/wp\/v2\/product\/52325","targetHints":{"allow":["GET"]}}],"collection":[{"href":"https:\/\/projectfood.fr\/index.php?rest_route=\/wp\/v2\/product"}],"about":[{"href":"https:\/\/projectfood.fr\/index.php?rest_route=\/wp\/v2\/types\/product"}],"wp:featuredmedia":[{"embeddable":true,"href":"https:\/\/projectfood.fr\/index.php?rest_route=\/wp\/v2\/media\/52326"}],"wp:attachment":[{"href":"https:\/\/projectfood.fr\/index.php?rest_route=%2Fwp%2Fv2%2Fmedia&parent=52325"}],"wp:term":[{"taxonomy":"product_brand","embeddable":true,"href":"https:\/\/projectfood.fr\/index.php?rest_route=%2Fwp%2Fv2%2Fproduct_brand&post=52325"},{"taxonomy":"product_cat","embeddable":true,"href":"https:\/\/projectfood.fr\/index.php?rest_route=%2Fwp%2Fv2%2Fproduct_cat&post=52325"},{"taxonomy":"product_tag","embeddable":true,"href":"https:\/\/projectfood.fr\/index.php?rest_route=%2Fwp%2Fv2%2Fproduct_tag&post=52325"}],"curies":[{"name":"wp","href":"https:\/\/api.w.org\/{rel}","templated":true}]}}

Personnalisation lave-vaisselle sur tous les côtés de la machine

<p style="text-align: justify;"><span style="color: #2185c2;"><strong><span style="font-size: medium;">Personnalisation de le lave-vaisselle</span></strong></span></p>
<p><span style="color: #000000;"><strong style="text-align: justify;">Projectfood</strong><span style="text-align: justify;"> a pensé de donner la possibilité de personnaliser votre lave-vaisselle</span></span></p>
<p><span style="color: #000000; text-align: justify;">Pour procéder à cette personnalisation mettre dans le panier la personnalisation est contactée par notre graphique vous demandant ce que vous voulez mettre</span></p>
<p><span style="color: #000000; text-align: justify;">Ensuite, le lave-verres viendra à vous personnalisé en 10 jours </span></p>
<p><span style="color: #000000; text-align: justify;">Les films mis en place ont été conçus pour durer</span></p>
<p><strong style="color: #2185c2; text-align: justify;">COMMENT FONCTIONNE LA PERSONNALISATION DU LAVE-VAISSELLE?</strong></p>
<p><span style="color: #000000;"><span style="text-align: justify;">Projectfood vous donne la possibilité de personnaliser le</span><strong style="text-align: justify;"> lave-vaisselle avec des graphiques personnalisés</strong><span style="text-align: justify;">, ce qui permet d’avoir un lave-vaisselle à la fois fonctionnel et d’ameublement</span></span></p>
<p><span style="color: #000000; text-align: justify;">Une fois que vous avez acheté la personnalisation, vous devrez nous fournir le graphique à appliquer ou demander à un de nos graphistes de le développer</span></p>
<p><span style="color: #000000; text-align: justify;">Si vous avez besoin de graphiques, vous devez ajouter le KIT STUDIO GRAPHIQUE</span></p>
<p><strong style="color: #2185c2; text-align: justify;">Pour toute information, nous sommes à votre disposition</strong></p>
