{"id":52586,"date":"2020-10-13T17:01:29","date_gmt":"2020-10-13T15:01:29","guid":{"rendered":"https:\/\/projectfood-fr.stackstaging.com\/?post_type=product&#038;p=52586"},"modified":"2023-01-18T12:13:56","modified_gmt":"2023-01-18T11:13:56","slug":"kits-de-fumee-pour-fours-projectfood","status":"publish","type":"product","link":"https:\/\/projectfood.fr\/?product=kits-de-fumee-pour-fours-projectfood","title":{"rendered":"Kits de fum\u00e9e pour fours projectfood"},"content":{"rendered":"<p><span style=\"color: #2185c2;\"><strong>Quelques mouvements simples pour enrichir vos aliments d\u2019ar\u00f4mes d\u2019\u00e9pices et d\u2019huiles essentielles du bois vos aliments. Voici comment faire avec <span data-sheets-value=\"{&quot;1&quot;:2,&quot;2&quot;:&quot;PFAFF19&quot;}\" data-sheets-userformat=\"{&quot;2&quot;:4801,&quot;3&quot;:{&quot;1&quot;:0},&quot;9&quot;:0,&quot;10&quot;:2,&quot;12&quot;:0,&quot;15&quot;:&quot;arial,sans,sans-serif&quot;}\">PFAFF19<\/span>:<\/strong><\/span><\/p>\n<p>En commerce il y a des types tr\u00e8s diff\u00e9rentes pour fumer: des vari\u00e9t\u00e9s simples et vari\u00e9es de bois (h\u00eatre, pommier, ch\u00eane, olivier, etc.), aux copeaux aromatis\u00e9s \u00e0 la liqueur,aux pellets extrud\u00e9s sous pression o\u00f9 \u00e0 la poudre de bois sont m\u00e9lang\u00e9s avec des herbes aromatiques ou des \u00e9pices telles que: Romarin, persil, ail et paprika.<\/p>\n<p>Une fois que vous avez s\u00e9lectionn\u00e9 le type de bois le plus adapt\u00e9 \u00e0 votre assiette,celle-ci doit \u00eatre charg\u00e9e dans le tiroir du fumoir en contact avec les r\u00e9sistances, \u00e9talonn\u00e9es \u00e0 une temp\u00e9rature qui conduit \u00e0 la combustion sans inflammation<\/p>\n<p>Vous pouvez ensuite sauter la phase d\u2019humidification du bois avant de proc\u00e9der \u00e0 l&#8217;allumage.<\/p>\n<p>Placer au fond du four une grille et le fumoir. Apr\u00e8s environ 20 minutes, vous commencerez d\u00e9j\u00e0 \u00e0 voir les premi\u00e8res spires de fum\u00e9e sortir du <span data-sheets-value=\"{&quot;1&quot;:2,&quot;2&quot;:&quot;PFAFF19&quot;}\" data-sheets-userformat=\"{&quot;2&quot;:4801,&quot;3&quot;:{&quot;1&quot;:0},&quot;9&quot;:0,&quot;10&quot;:2,&quot;12&quot;:0,&quot;15&quot;:&quot;arial,sans,sans-serif&quot;}\">PFAFF19<\/span>.<\/p>\n<p>Arriv\u00e9 \u00e0 ce stade vous introduisez le produit pour fumer, Fermer la porte et r\u00e9gler la cuisson qui accompagnera le fumage.<\/p>\n<p>Qu\u2019il s\u2019agisse d\u2019un fumage \u00e0 froid (jusqu\u2019\u00e0 la 30\u00b0) et \u00e0 chaud (de 50\u00b0 o \u00e0 un maximum de 80\u00b0), <span data-sheets-value=\"{&quot;1&quot;:2,&quot;2&quot;:&quot;PFAFF19&quot;}\" data-sheets-userformat=\"{&quot;2&quot;:4801,&quot;3&quot;:{&quot;1&quot;:0},&quot;9&quot;:0,&quot;10&quot;:2,&quot;12&quot;:0,&quot;15&quot;:&quot;arial,sans,sans-serif&quot;}\">PFAFF19<\/span> vous permet de fumer une grande vari\u00e9t\u00e9 d\u2019aliments tels que la viande, le poisson et le fromage.<\/p>\n<p>&nbsp;<\/p>\n<div class=\"addthis_inline_share_toolbox\" data-url=\"https:\/\/www.tecnoeka.com\/news\/news-aziendali\/affumicatore-mkaf-pratico-e-semplice-da-utilizzare-per-arricchire-di-nuovi-aromi-la-vostra-cucina\/\" data-title=\"Affumicatore MKAF: pratico e semplice da utilizzare, per arricchire di nuovi aromi la vostra cucina\">\n<div id=\"atstbx\" class=\"at-resp-share-element at-style-responsive addthis-smartlayers addthis-animated at4-show\">\n<p>&nbsp;<\/p>\n<div class=\"at-share-btn-elements\"><\/div>\n<\/div>\n<\/div>\n","protected":false},"excerpt":{"rendered":"<p style=\"text-align: center;\"><strong><span style=\"font-size: medium;\"><span style=\"color: #339966;\">MADE<\/span> <span style=\"color: #c0c0c0;\">IN<\/span> <span style=\"color: #ff0000;\">ITALY<\/span><\/span><\/strong><\/p>\n","protected":false},"featured_media":52587,"template":"","meta":{"inline_featured_image":false},"product_brand":[],"product_cat":[1486,1489],"product_tag":[],"class_list":{"0":"post-52586","1":"product","2":"type-product","3":"status-publish","4":"has-post-thumbnail","6":"product_cat-accessori-forni-gastronomia","7":"product_cat-optional","8":"pa_allow-quotation-2352","9":"pa_codice-produttore-mkaf","10":"pa_ean-15739","11":"pa_fornitore-tecnoeka","12":"pa_madeinitaly-oui","13":"pa_product-image-size-0-2","15":"first","16":"instock","17":"taxable","18":"shipping-taxable","19":"purchasable","20":"product-type-simple"},"df_price":279,"df_sale_price":"","df_regular_price":279,"df_image_link":"https:\/\/projectfood.fr\/wp-content\/uploads\/2020\/10\/products-kaf_1.jpg","_links":{"self":[{"href":"https:\/\/projectfood.fr\/index.php?rest_route=\/wp\/v2\/product\/52586","targetHints":{"allow":["GET"]}}],"collection":[{"href":"https:\/\/projectfood.fr\/index.php?rest_route=\/wp\/v2\/product"}],"about":[{"href":"https:\/\/projectfood.fr\/index.php?rest_route=\/wp\/v2\/types\/product"}],"wp:featuredmedia":[{"embeddable":true,"href":"https:\/\/projectfood.fr\/index.php?rest_route=\/wp\/v2\/media\/52587"}],"wp:attachment":[{"href":"https:\/\/projectfood.fr\/index.php?rest_route=%2Fwp%2Fv2%2Fmedia&parent=52586"}],"wp:term":[{"taxonomy":"product_brand","embeddable":true,"href":"https:\/\/projectfood.fr\/index.php?rest_route=%2Fwp%2Fv2%2Fproduct_brand&post=52586"},{"taxonomy":"product_cat","embeddable":true,"href":"https:\/\/projectfood.fr\/index.php?rest_route=%2Fwp%2Fv2%2Fproduct_cat&post=52586"},{"taxonomy":"product_tag","embeddable":true,"href":"https:\/\/projectfood.fr\/index.php?rest_route=%2Fwp%2Fv2%2Fproduct_tag&post=52586"}],"curies":[{"name":"wp","href":"https:\/\/api.w.org\/{rel}","templated":true}]}}