{"id":58649,"date":"2021-03-30T01:11:25","date_gmt":"2021-03-30T01:11:25","guid":{"rendered":"https:\/\/projectfood-fr.stackstaging.com\/?post_type=product&#038;p=58649"},"modified":"2024-11-25T18:01:37","modified_gmt":"2024-11-25T17:01:37","slug":"vitrine-frigo-de-comptoir-avec-verre-carre-capacite-242-lt","status":"publish","type":"product","link":"https:\/\/projectfood.fr\/?product=vitrine-frigo-de-comptoir-avec-verre-carre-capacite-242-lt","title":{"rendered":"Vitrine frigo de comptoir avec verre carr\u00e9 &#8211; Capacit\u00e9 242 lt"},"content":{"rendered":"<h2><span style=\"color: #2185c2; font-size: 16px;\"><strong>Vitrine r\u00e9frig\u00e9rateur de comptoir avec verre carr\u00e9 &#8211; Capacit\u00e9 242 lt\u00a0<\/strong><\/span><\/h2>\n<p><span style=\"font-size: 15px; color: #000000;\">Pr\u00e9sentoir \u00e0<strong> r\u00e9frig\u00e9ration ventil\u00e9e\u00a0 <\/strong>avec<strong> d\u00e9givrage automatique <\/strong>et barquette \u00e0 condensation.<\/span><\/p>\n<p><span style=\"font-size: 15px; color: #000000;\">Temp\u00e9rature d\u2019exercice<strong> de 0\u00b0C \u00e0 +12\u00b0C <\/strong>\u00e0 l\u2019arri\u00e8re du banc et contr\u00f4lable par <strong>l\u2019unit\u00e9 de commande digitale.\u00a0<\/strong><\/span><\/p>\n<p><span style=\"font-size: 15px; color: #000000;\">\u00c9clairage <strong>LED <\/strong>avec interrupteur<strong> ON\/OFF.<\/strong><\/span><\/p>\n<p><span style=\"color: #000000; font-size: 15px;\">Structure ext\u00e9rieure en acier inox, plastique et verre.<\/span><\/p>\n<p><span style=\"font-size: 15px; color: #000000;\"><strong>Gaz r\u00e9frig\u00e9rant \u00e9cologique <\/strong><strong> R290.<\/strong><\/span><\/p>\n<p><span style=\"color: #000000; font-size: 15px;\"><span style=\"color: #2185c2;\"><strong>\u00c9QUIPEMENT DE S\u00c9RIE<\/strong><\/span><\/span><\/p>\n<ul>\n<li><span style=\"color: #000000; font-size: 15px;\">\u00c9clairage led<\/span><\/li>\n<li><span style=\"font-size: 15px; color: #000000;\">N.1 Grille Chrom\u00e9e L1155xP330 mm<\/span><\/li>\n<li><span style=\"color: #000000; font-size: 15px;\">N.1 Grille Chrom\u00e9e L1155xP360 mm<\/span><\/li>\n<\/ul>\n","protected":false},"excerpt":{"rendered":"<p style=\"text-align: center;\"><span style=\"color: #3366ff;\"><strong><span style=\"color: #2185c2; font-size: medium;\">LIVRAISON PROMPTE<\/span><\/strong><\/span><\/p>\n","protected":false},"featured_media":58650,"template":"","meta":{"inline_featured_image":false},"product_brand":[],"product_cat":[1586,1446],"product_tag":[],"class_list":{"0":"post-58649","1":"product","2":"type-product","3":"status-publish","4":"has-post-thumbnail","6":"product_cat-vitrines-a-poser","7":"product_cat-vitrines-froides","8":"pa_24-heures-si-7","9":"pa_alimentation-230v-1n-50hz-monophase","10":"pa_allow-quotation-2352","11":"pa_capacite-lt-242-lt","12":"pa_codice-produttore-ak205efq","13":"pa_controle-de-temperature-digitale-2","14":"pa_degivrage-automatique-2","15":"pa_dimensions-exterieures-lxpxh-l1219xp568xh686-mm","16":"pa_ean-18925","17":"pa_equipement-de-serie-n-2-grilles-chromees","18":"pa_evaporation-de-l-automatique","19":"pa_fornitore-amitek","20":"pa_gaz-refrigerant-r290","21":"pa_max-temperatura-umidita-ambi-30-c-55-hr","22":"pa_nombre-etageres-2-etage","23":"pa_product-image-size-0-2","24":"pa_puissance-watt-360-watt-3","25":"pa_temperatura-1-positif","26":"pa_temperature-0c-12c","27":"pa_type-de-refrigeration-refrigeration-ventilee","28":"pa_typologie-de-presentoirs-vetrinette-refrigerate","30":"first","31":"instock","32":"taxable","33":"shipping-taxable","34":"purchasable","35":"product-type-simple"},"df_price":1153,"df_sale_price":"","df_regular_price":1153,"df_image_link":"https:\/\/projectfood.fr\/wp-content\/uploads\/2021\/04\/products-ak205efq-min.jpg","_links":{"self":[{"href":"https:\/\/projectfood.fr\/index.php?rest_route=\/wp\/v2\/product\/58649","targetHints":{"allow":["GET"]}}],"collection":[{"href":"https:\/\/projectfood.fr\/index.php?rest_route=\/wp\/v2\/product"}],"about":[{"href":"https:\/\/projectfood.fr\/index.php?rest_route=\/wp\/v2\/types\/product"}],"wp:featuredmedia":[{"embeddable":true,"href":"https:\/\/projectfood.fr\/index.php?rest_route=\/wp\/v2\/media\/58650"}],"wp:attachment":[{"href":"https:\/\/projectfood.fr\/index.php?rest_route=%2Fwp%2Fv2%2Fmedia&parent=58649"}],"wp:term":[{"taxonomy":"product_brand","embeddable":true,"href":"https:\/\/projectfood.fr\/index.php?rest_route=%2Fwp%2Fv2%2Fproduct_brand&post=58649"},{"taxonomy":"product_cat","embeddable":true,"href":"https:\/\/projectfood.fr\/index.php?rest_route=%2Fwp%2Fv2%2Fproduct_cat&post=58649"},{"taxonomy":"product_tag","embeddable":true,"href":"https:\/\/projectfood.fr\/index.php?rest_route=%2Fwp%2Fv2%2Fproduct_tag&post=58649"}],"curies":[{"name":"wp","href":"https:\/\/api.w.org\/{rel}","templated":true}]}}

Vitrine frigo de comptoir avec verre carré &#8211; Capacité 242 lt

<h2><span style="color: #2185c2; font-size: 16px;"><strong>Vitrine réfrigérateur de comptoir avec verre carré &#8211; Capacité 242 lt </strong></span></h2>
<p><span style="font-size: 15px; color: #000000;">Présentoir à<strong> réfrigération ventilée  </strong>avec<strong> dégivrage automatique </strong>et barquette à condensation.</span></p>
<p><span style="font-size: 15px; color: #000000;">Température d’exercice<strong> de 0°C à +12°C </strong>à l’arrière du banc et contrôlable par <strong>l’unité de commande digitale. </strong></span></p>
<p><span style="font-size: 15px; color: #000000;">Éclairage <strong>LED </strong>avec interrupteur<strong> ON/OFF.</strong></span></p>
<p><span style="color: #000000; font-size: 15px;">Structure extérieure en acier inox, plastique et verre.</span></p>
<p><span style="font-size: 15px; color: #000000;"><strong>Gaz réfrigérant écologique </strong><strong> R290.</strong></span></p>
<p><span style="color: #000000; font-size: 15px;"><span style="color: #2185c2;"><strong>ÉQUIPEMENT DE SÉRIE</strong></span></span></p>
<ul>
<li><span style="color: #000000; font-size: 15px;">Éclairage led</span></li>
<li><span style="font-size: 15px; color: #000000;">N.1 Grille Chromée L1155xP330 mm</span></li>
<li><span style="color: #000000; font-size: 15px;">N.1 Grille Chromée L1155xP360 mm</span></li>
</ul>
