{"id":72075,"date":"2022-03-14T22:59:56","date_gmt":"2022-03-14T21:59:56","guid":{"rendered":"https:\/\/projectfood-fr.stackstaging.com\/?post_type=product&#038;p=72075"},"modified":"2024-09-09T09:44:45","modified_gmt":"2024-09-09T07:44:45","slug":"rape-monophasee-electrique-professionnelle-production-horaire-70-kg","status":"publish","type":"product","link":"https:\/\/projectfood.fr\/?product=rape-monophasee-electrique-professionnelle-production-horaire-70-kg","title":{"rendered":"R\u00e2pe monophas\u00e9e \u00e9lectrique professionnelle, production horaire 70 kg"},"content":{"rendered":"<h2 style=\"text-align: justify;\"><span style=\"color: #2185c2; font-size: 16px;\"><strong>R\u00e2pe monophas\u00e9 \u00e9lectrique professionnelle, production horaire 70 kg<\/strong><\/span><\/h2>\n<p style=\"text-align: justify;\"><span style=\"text-align: justify; color: #000000; font-size: 15px;\">R\u00e2pe adapt\u00e9 pour un usage professionnel, id\u00e9al pour les restaurants, h\u00f4tels, sup\u00e9rettes et la communaut\u00e9.<\/span><\/p>\n<p style=\"text-align: justify;\"><span style=\"text-align: justify; color: #000000; font-size: 15px;\">Il se pr\u00eate au traitement de produits tels que le fromage, le pain, les fruits secs et le chocolat.<\/span><\/p>\n<p style=\"text-align: justify;\"><span style=\"color: #000000; font-size: 15px;\">La r\u00e2pe a une structure en <strong>aluminium moul\u00e9 sous pression poli<\/strong> pour assurer une excellente hygi\u00e8ne et commodit\u00e9.<\/span><\/p>\n<p><span style=\"color: #000000; font-size: 15px;\">Le rouleau de r\u00e2pe est<strong> construit en acier avec traitement electroless nickel plating.<\/strong><\/span><\/p>\n<p style=\"text-align: justify;\"><span style=\"color: #000000; font-size: 15px;\">Le <strong> moteur asynchrone ventil\u00e9 <\/strong> de grande puissance permet de g\u00e9rer une charge de travail constante.<\/span><\/p>\n<p style=\"text-align: justify;\"><span style=\"color: #000000; font-size: 15px;\">Le groupe moteur est \u00e9quip\u00e9 d\u2019une protection thermique<\/span><\/p>\n<p><span style=\"color: #2185c2; font-size: 15px;\"><strong>\u00c9QUIPEMENT DE S\u00c9RIE\u00a0:<\/strong><\/span><\/p>\n<ul>\n<li><span style=\"color: #000000; font-size: 15px;\">Rouleau en acier avec traitement electroless nickel plating<\/span><\/li>\n<li><span style=\"color: #000000; font-size: 15px;\">Grille de protection et d\u2019\u00e9chappement en acier <\/span><\/li>\n<li><span style=\"color: #000000; font-size: 15px;\">Bol \u00e0 fromage en acier inox<\/span><\/li>\n<\/ul>\n<p><span style=\"color: #2185c2; font-size: 15px;\"><strong>ACCESSOIRES NON INCLUS:<\/strong><\/span><\/p>\n<ul>\n<li><span style=\"color: #000000; font-size: 15px;\">Rouleau en acier inox<\/span><\/li>\n<\/ul>\n","protected":false},"excerpt":{"rendered":"<p style=\"text-align: left;\"><strong><span style=\"color: #339966;\">MADE<\/span>\u00a0<span style=\"color: #c9c9c9;\">IN <\/span><span style=\"color: #ff0000;\">ITALY<\/span> \u2013 <span style=\"color: #2185c2; font-size: medium;\"><span style=\"font-size: medium;\"><span style=\"color: #ff6600;\"><span style=\"font-size: medium; color: #888888;\"><span style=\"color: #000000;\"><span style=\"color: #2185c2;\">LIVRAISON <\/span><span style=\"color: #2185c2;\">PROMPTE<\/span><\/span><\/span><\/span><\/span><\/span><\/strong><\/p>\n","protected":false},"featured_media":42368,"template":"","meta":{"inline_featured_image":false},"product_brand":[],"product_cat":[1410],"product_tag":[],"class_list":{"0":"post-72075","1":"product","2":"type-product","3":"status-publish","4":"has-post-thumbnail","6":"product_cat-rape","7":"pa_24-heures-si-7","8":"pa_alimentation-monophase-230v-1n-50hz","9":"pa_codice-produttore-fsg107","10":"pa_dimension-exterieure-lxp-l220xp380xh380-mm","11":"pa_ean-21118","12":"pa_equipement-de-serie-cuvette-fromage-en-acier-inoxydable","13":"pa_madeinitaly-oui","14":"pa_production-horaire-rape-70-kg-h","15":"pa_puissance-075-kwatt-hp","16":"pa_rotation-cochlee-rmp-1400-rpm","17":"pa_structure-externe-aluminium-moule-sous-pression-et-poli","19":"first","20":"instock","21":"taxable","22":"shipping-taxable","23":"purchasable","24":"product-type-simple"},"df_price":569,"df_sale_price":"","df_regular_price":569,"df_image_link":"https:\/\/projectfood.fr\/wp-content\/uploads\/2020\/07\/products-fgs106.jpg","_links":{"self":[{"href":"https:\/\/projectfood.fr\/index.php?rest_route=\/wp\/v2\/product\/72075","targetHints":{"allow":["GET"]}}],"collection":[{"href":"https:\/\/projectfood.fr\/index.php?rest_route=\/wp\/v2\/product"}],"about":[{"href":"https:\/\/projectfood.fr\/index.php?rest_route=\/wp\/v2\/types\/product"}],"wp:featuredmedia":[{"embeddable":true,"href":"https:\/\/projectfood.fr\/index.php?rest_route=\/wp\/v2\/media\/42368"}],"wp:attachment":[{"href":"https:\/\/projectfood.fr\/index.php?rest_route=%2Fwp%2Fv2%2Fmedia&parent=72075"}],"wp:term":[{"taxonomy":"product_brand","embeddable":true,"href":"https:\/\/projectfood.fr\/index.php?rest_route=%2Fwp%2Fv2%2Fproduct_brand&post=72075"},{"taxonomy":"product_cat","embeddable":true,"href":"https:\/\/projectfood.fr\/index.php?rest_route=%2Fwp%2Fv2%2Fproduct_cat&post=72075"},{"taxonomy":"product_tag","embeddable":true,"href":"https:\/\/projectfood.fr\/index.php?rest_route=%2Fwp%2Fv2%2Fproduct_tag&post=72075"}],"curies":[{"name":"wp","href":"https:\/\/api.w.org\/{rel}","templated":true}]}}