{"id":72078,"date":"2022-03-14T23:08:17","date_gmt":"2022-03-14T22:08:17","guid":{"rendered":"https:\/\/projectfood-fr.stackstaging.com\/?post_type=product&#038;p=72078"},"modified":"2025-02-18T09:42:38","modified_gmt":"2025-02-18T08:42:38","slug":"rape-triphasee-electrique-professionnelle-production-horaire-100-kg","status":"publish","type":"product","link":"https:\/\/projectfood.fr\/?product=rape-triphasee-electrique-professionnelle-production-horaire-100-kg","title":{"rendered":"R\u00e2pe triphas\u00e9e \u00e9lectrique professionnelle, production horaire 100 kg"},"content":{"rendered":"<h2 style=\"text-align: justify;\"><span style=\"color: #2185c2; font-size: 16px;\"><strong>R\u00e2pe triphas\u00e9e \u00e9lectrique professionnelle, production horaire 100 kg<\/strong><\/span><\/h2>\n<p style=\"text-align: justify;\"><span style=\"text-align: justify; color: #000000; font-size: 15px;\">R\u00e2pe adapt\u00e9 pour un usage professionnel, id\u00e9al pour les restaurants, h\u00f4tels, sup\u00e9rettes et la communaut\u00e9.<\/span><\/p>\n<p style=\"text-align: justify;\"><span style=\"text-align: justify; color: #000000; font-size: 15px;\">Il se pr\u00eate au traitement de produits tels que le fromage, le pain, les fruits secs et le chocolat.<\/span><\/p>\n<p style=\"text-align: justify;\"><span style=\"color: #000000; font-size: 15px;\">La r\u00e2pe a une structure en <strong>aluminium moul\u00e9 sous pression poli<\/strong> pour assurer une excellente hygi\u00e8ne et commodit\u00e9.<\/span><\/p>\n<p><span style=\"color: #000000; font-size: 15px;\">Le rouleau de r\u00e2pe est <strong>construit en acier avec traitement electroless nickel plating.<\/strong><\/span><\/p>\n<p style=\"text-align: justify;\"><span style=\"color: #000000; font-size: 15px;\">Le <strong> moteur asynchrone ventil\u00e9 <\/strong> de grande puissance permet de g\u00e9rer une charge de travail constante.<\/span><\/p>\n<p style=\"text-align: justify;\"><span style=\"color: #000000; font-size: 15px;\">Le groupe moteur est \u00e9quip\u00e9 d\u2019une protection thermique<\/span><\/p>\n<p><span style=\"color: #2185c2; font-size: 15px;\"><strong>\u00c9QUIPEMENT DE S\u00c9RIE\u00a0:<\/strong><\/span><\/p>\n<ul>\n<li><span style=\"color: #000000; font-size: 15px;\">Rouleau en acier inox\u00a0<\/span><\/li>\n<li><span style=\"color: #000000; font-size: 15px;\">Grille de protection et d\u2019\u00e9chappement en acier<\/span><\/li>\n<li><span style=\"color: #000000; font-size: 15px;\">Bol \u00e0 fromage en plastique<\/span><\/li>\n<\/ul>\n","protected":false},"excerpt":{"rendered":"<p style=\"text-align: center;\"><strong><span style=\"color: #339966;\">MADE<\/span>\u00a0<span style=\"color: #c9c9c9;\">IN <\/span><span style=\"color: #ff0000;\">ITALY<\/span>\u00a0<\/strong><\/p>\n","protected":false},"featured_media":42394,"template":"","meta":{"inline_featured_image":false},"product_brand":[],"product_cat":[1410],"product_tag":[],"class_list":{"0":"post-72078","1":"product","2":"type-product","3":"status-publish","4":"has-post-thumbnail","6":"product_cat-rape","7":"pa_alimentation-triphase-400v-3n-50-60hz","8":"pa_codice-produttore-fgg108","9":"pa_dimension-exterieure-lxp-l280xp500xh570-mm","10":"pa_ean-21131","11":"pa_equipement-de-serie-boitier-en-plastique","12":"pa_equipement-de-serie-cuvette-fromage-en-acier-inoxydable","13":"pa_madeinitaly-oui","14":"pa_production-horaire-rape-100-kg-h","15":"pa_prontaconsegna-oui","16":"pa_puissance-150-kwatt-hp","17":"pa_rotation-cochlee-rmp-1400-rpm","18":"pa_structure-externe-aluminium-moule-sous-pression-et-poli","20":"first","21":"instock","22":"taxable","23":"shipping-taxable","24":"purchasable","25":"product-type-simple"},"df_price":1183,"df_sale_price":"","df_regular_price":1183,"df_image_link":"https:\/\/projectfood.fr\/wp-content\/uploads\/2020\/07\/products-fgg108.jpg","_links":{"self":[{"href":"https:\/\/projectfood.fr\/index.php?rest_route=\/wp\/v2\/product\/72078","targetHints":{"allow":["GET"]}}],"collection":[{"href":"https:\/\/projectfood.fr\/index.php?rest_route=\/wp\/v2\/product"}],"about":[{"href":"https:\/\/projectfood.fr\/index.php?rest_route=\/wp\/v2\/types\/product"}],"wp:featuredmedia":[{"embeddable":true,"href":"https:\/\/projectfood.fr\/index.php?rest_route=\/wp\/v2\/media\/42394"}],"wp:attachment":[{"href":"https:\/\/projectfood.fr\/index.php?rest_route=%2Fwp%2Fv2%2Fmedia&parent=72078"}],"wp:term":[{"taxonomy":"product_brand","embeddable":true,"href":"https:\/\/projectfood.fr\/index.php?rest_route=%2Fwp%2Fv2%2Fproduct_brand&post=72078"},{"taxonomy":"product_cat","embeddable":true,"href":"https:\/\/projectfood.fr\/index.php?rest_route=%2Fwp%2Fv2%2Fproduct_cat&post=72078"},{"taxonomy":"product_tag","embeddable":true,"href":"https:\/\/projectfood.fr\/index.php?rest_route=%2Fwp%2Fv2%2Fproduct_tag&post=72078"}],"curies":[{"name":"wp","href":"https:\/\/api.w.org\/{rel}","templated":true}]}}