{"id":74327,"date":"2022-06-25T15:47:56","date_gmt":"2022-06-25T13:47:56","guid":{"rendered":"https:\/\/projectfood-fr.stackstaging.com\/?post_type=product&#038;p=74327"},"modified":"2024-11-26T12:07:02","modified_gmt":"2024-11-26T11:07:02","slug":"vitrine-dexposition-horizontale-ventilee-2c-a10c-l1200xp740xh1300-mm-ligne-omega","status":"publish","type":"product","link":"https:\/\/projectfood.fr\/?product=vitrine-dexposition-horizontale-ventilee-2c-a10c-l1200xp740xh1300-mm-ligne-omega","title":{"rendered":"Vitrine d\u2019exposition horizontale ventil\u00e9e +2\u00b0C \u00e0+10\u00b0C L1200xP740xH1300 mm &#8211; ligne OMEGA"},"content":{"rendered":"<p style=\"text-align: justify;\"><span style=\"color: #2185c2;\"><strong><span style=\"font-size: medium;\"><span data-sheets-value=\"{&quot;1&quot;:2,&quot;2&quot;:&quot;Vetrina pasticceria ventilata Temperatura +2\u00b0C a +10\u00b0C L900xP740xH1200 mm&quot;}\" data-sheets-userformat=\"{&quot;2&quot;:14915,&quot;3&quot;:{&quot;1&quot;:0},&quot;4&quot;:{&quot;1&quot;:3,&quot;3&quot;:2},&quot;9&quot;:0,&quot;12&quot;:0,&quot;14&quot;:{&quot;1&quot;:2,&quot;2&quot;:0},&quot;15&quot;:&quot;Arial&quot;,&quot;16&quot;:10}\">Vitrines de r\u00e9frig\u00e9ration ventil\u00e9e +2\u00b0C \u00e0 +10\u00b0C L1200xP740xH1300 mm<\/span><\/span><\/strong><\/span><\/p>\n<p><strong style=\"color: #000000; text-align: justify;\"><span style=\"color: #000000; text-align: justify;\">Les <strong>vi<\/strong>trines s\u00e9rie<\/span> <span style=\"color: #000000; text-align: justify;\"><span style=\"color: #000000;\"><strong style=\"text-align: justify;\">OMEGA<\/strong><\/span><\/span> <\/strong><span style=\"color: #000000; text-align: justify;\">Projectfood ont \u00e9t\u00e9 \u00e9tudi\u00e9es par une \u00e9quipe de designers et de techniciens\u00a0<strong style=\"color: #000000; text-align: justify;\">qui ont permis d\u2019allier \u00e9l\u00e9gance et efficacit\u00e9 \u00e9nerg\u00e9tique<\/strong><\/span><\/p>\n<p><span style=\"color: #000000; text-align: justify;\">La vitrine se compose d\u2019une structure en<\/span><strong style=\"color: #000000; text-align: justify;\"> acier inox, plastique et verre tremp\u00e9<\/strong><\/p>\n<p><strong style=\"color: #000000; text-align: justify;\">Les plans <span style=\"color: #000000;\">interm\u00e9diaires sont en verre<\/span><\/strong><span style=\"color: #000000; text-align: justify;\"> avec des supports en acier inoxydable et sont faciles \u00e0 d\u00e9monter pour faciliter le nettoyage<\/span><\/p>\n<p><span style=\"color: #000000; text-align: justify;\">Dimensions des plans d\u2019exposition\u00a0:<\/span><\/p>\n<p><span style=\"color: #000000; text-align: justify;\">-N.1 L1038xP278 mm<\/span><\/p>\n<p><span style=\"color: #000000; text-align: justify;\">-N.2 L1038xP318 mm<\/span><\/p>\n<p><span style=\"color: #000000;\"><strong style=\"text-align: justify;\"><span style=\"text-align: justify;\">Les <\/span>portes battantes du c\u00f4t\u00e9 de l\u2019op\u00e9rateur <span style=\"text-align: justify;\"> sont <\/span>en verre <\/strong><\/span><span style=\"color: #000000; text-align: justify;\">pour assurer une \u00e9conomie <\/span><strong style=\"color: #000000; text-align: justify;\">d\u2019\u00e9nergie maximale\u00a0<\/strong><\/p>\n<p><span style=\"color: #000000; text-align: justify;\">Les vitrines gastronomiques sont compl\u00e8te en option et \u00e9quip\u00e9es de <\/span><strong style=\"color: #000000; text-align: justify;\">r\u00e9frig\u00e9ration ventil\u00e9e <\/strong><span style=\"color: #000000; text-align: justify;\">avec <\/span><strong style=\"color: #000000; text-align: justify;\">unit\u00e9 de commade<\/strong><span style=\"color: #000000; text-align: justify;\">\u00a0et\u00a0<\/span><strong style=\"color: #000000; text-align: justify;\">d\u00e9givrage automatique.<\/strong><\/p>\n<p><strong style=\"color: #000000; text-align: justify;\">Chaque \u00e9tag\u00e8re a une bande led <\/strong><span style=\"color: #000000; text-align: justify;\">qui permet de distinguer les produits \u00e0 l\u2019int\u00e9rieur de la vitrine<\/span><\/p>\n<p><span style=\"color: #000000; text-align: justify;\">Le <\/span><strong style=\"color: #000000; text-align: justify;\">Gaz R\u00e9frig\u00e9r\u00e9<\/strong><span style=\"color: #000000; text-align: justify;\"> utilis\u00e9 pour ce type de vitrine est <\/span><strong style=\"color: #000000; text-align: justify;\">R290<\/strong><span style=\"color: #000000; text-align: justify;\"> qui permet de <\/span><strong style=\"color: #000000; text-align: justify;\">pr\u00e9server l\u2019environnement <\/strong><span style=\"color: #000000; text-align: justify;\">tout en ayant de <\/span><strong style=\"color: #000000; text-align: justify;\">hautes performances<\/strong><\/p>\n<p><strong style=\"color: #000000; text-align: justify;\">Les roues sont incluses dans le prix<\/strong><span style=\"color: #000000; text-align: justify;\">\u00a0(2 roues sont avec frein)<\/span><\/p>\n","protected":false},"excerpt":{"rendered":"<p style=\"text-align: left;\"><strong><span style=\"color: #339966; font-size: medium;\"><span style=\"color: #3366ff;\"><span style=\"color: #2185c2; font-size: medium;\">LIVRAISON PROMPTE<\/span><\/span> <span style=\"color: #000000;\">&#8211;<\/span> GAZ R290<\/span><\/strong><\/p>\n","protected":false},"featured_media":85793,"template":"","meta":{"inline_featured_image":false},"product_brand":[],"product_cat":[23721,21464,1916,23720],"product_tag":[],"class_list":{"0":"post-74327","1":"product","2":"type-product","3":"status-publish","4":"has-post-thumbnail","6":"product_cat-vitrine-froide-ligne-omega-vitrines-patisserie-3","7":"product_cat-vitrine-froide-ligne-omega","8":"product_cat-vitrine-patisserie","9":"product_cat-vitrines-patisserie-3","10":"pa_alimentation-230-1n-50-60-monophase","11":"pa_codice-produttore-deluxe-123-psv","12":"pa_controle-de-temperature-digitale-2","13":"pa_degivrage-automatique-2","14":"pa_ean-21478","15":"pa_equipement-de-serie-lumiere-led-sur-chaque-etagere-fermeture-cote-operateur","16":"pa_fornitore-klimaitalia","17":"pa_gaz-refrigerant-r290","18":"pa_hauteur-1300-mm","19":"pa_lumiere-interieure-led-sur-chaque-etagere","20":"pa_lunghezza-banco-1200-mm-8","21":"pa_max-temperatura-umidita-ambi-30-c-55-hr","22":"pa_profondeur-table-740-mm","23":"pa_prontaconsegna-oui","24":"pa_puissance-absorbee-watt-500-watt-2","25":"pa_structure-externe-frigo-verre-plastique","26":"pa_structure-interne-en-acier-inoxydable-et-verre","27":"pa_temperatura-1-positif","28":"pa_temperature-2c-a-10-c","29":"pa_type-de-refrigeration-refrigeration-ventilee","30":"pa_typologie-verre-vetro-squadrato","32":"first","33":"instock","34":"sale","35":"taxable","36":"shipping-taxable","37":"purchasable","38":"product-type-simple"},"df_price":2204,"df_sale_price":2204,"df_regular_price":2298,"df_image_link":"https:\/\/projectfood.fr\/wp-content\/uploads\/2022\/06\/PLUS123V-min-1-300x300.jpg","_links":{"self":[{"href":"https:\/\/projectfood.fr\/index.php?rest_route=\/wp\/v2\/product\/74327","targetHints":{"allow":["GET"]}}],"collection":[{"href":"https:\/\/projectfood.fr\/index.php?rest_route=\/wp\/v2\/product"}],"about":[{"href":"https:\/\/projectfood.fr\/index.php?rest_route=\/wp\/v2\/types\/product"}],"wp:featuredmedia":[{"embeddable":true,"href":"https:\/\/projectfood.fr\/index.php?rest_route=\/wp\/v2\/media\/85793"}],"wp:attachment":[{"href":"https:\/\/projectfood.fr\/index.php?rest_route=%2Fwp%2Fv2%2Fmedia&parent=74327"}],"wp:term":[{"taxonomy":"product_brand","embeddable":true,"href":"https:\/\/projectfood.fr\/index.php?rest_route=%2Fwp%2Fv2%2Fproduct_brand&post=74327"},{"taxonomy":"product_cat","embeddable":true,"href":"https:\/\/projectfood.fr\/index.php?rest_route=%2Fwp%2Fv2%2Fproduct_cat&post=74327"},{"taxonomy":"product_tag","embeddable":true,"href":"https:\/\/projectfood.fr\/index.php?rest_route=%2Fwp%2Fv2%2Fproduct_tag&post=74327"}],"curies":[{"name":"wp","href":"https:\/\/api.w.org\/{rel}","templated":true}]}}

Vitrine d’exposition horizontale ventilée +2°C à+10°C L1200xP740xH1300 mm &#8211; ligne OMEGA

<p style="text-align: justify;"><span style="color: #2185c2;"><strong><span style="font-size: medium;"><span data-sheets-value="{&quot;1&quot;:2,&quot;2&quot;:&quot;Vetrina pasticceria ventilata Temperatura +2°C a +10°C L900xP740xH1200 mm&quot;}" data-sheets-userformat="{&quot;2&quot;:14915,&quot;3&quot;:{&quot;1&quot;:0},&quot;4&quot;:{&quot;1&quot;:3,&quot;3&quot;:2},&quot;9&quot;:0,&quot;12&quot;:0,&quot;14&quot;:{&quot;1&quot;:2,&quot;2&quot;:0},&quot;15&quot;:&quot;Arial&quot;,&quot;16&quot;:10}">Vitrines de réfrigération ventilée +2°C à +10°C L1200xP740xH1300 mm</span></span></strong></span></p>
<p><strong style="color: #000000; text-align: justify;"><span style="color: #000000; text-align: justify;">Les <strong>vi</strong>trines série</span> <span style="color: #000000; text-align: justify;"><span style="color: #000000;"><strong style="text-align: justify;">OMEGA</strong></span></span> </strong><span style="color: #000000; text-align: justify;">Projectfood ont été étudiées par une équipe de designers et de techniciens <strong style="color: #000000; text-align: justify;">qui ont permis d’allier élégance et efficacité énergétique</strong></span></p>
<p><span style="color: #000000; text-align: justify;">La vitrine se compose d’une structure en</span><strong style="color: #000000; text-align: justify;"> acier inox, plastique et verre trempé</strong></p>
<p><strong style="color: #000000; text-align: justify;">Les plans <span style="color: #000000;">intermédiaires sont en verre</span></strong><span style="color: #000000; text-align: justify;"> avec des supports en acier inoxydable et sont faciles à démonter pour faciliter le nettoyage</span></p>
<p><span style="color: #000000; text-align: justify;">Dimensions des plans d’exposition :</span></p>
<p><span style="color: #000000; text-align: justify;">-N.1 L1038xP278 mm</span></p>
<p><span style="color: #000000; text-align: justify;">-N.2 L1038xP318 mm</span></p>
<p><span style="color: #000000;"><strong style="text-align: justify;"><span style="text-align: justify;">Les </span>portes battantes du côté de l’opérateur <span style="text-align: justify;"> sont </span>en verre </strong></span><span style="color: #000000; text-align: justify;">pour assurer une économie </span><strong style="color: #000000; text-align: justify;">d’énergie maximale </strong></p>
<p><span style="color: #000000; text-align: justify;">Les vitrines gastronomiques sont complète en option et équipées de </span><strong style="color: #000000; text-align: justify;">réfrigération ventilée </strong><span style="color: #000000; text-align: justify;">avec </span><strong style="color: #000000; text-align: justify;">unité de commade</strong><span style="color: #000000; text-align: justify;"> et </span><strong style="color: #000000; text-align: justify;">dégivrage automatique.</strong></p>
<p><strong style="color: #000000; text-align: justify;">Chaque étagère a une bande led </strong><span style="color: #000000; text-align: justify;">qui permet de distinguer les produits à l’intérieur de la vitrine</span></p>
<p><span style="color: #000000; text-align: justify;">Le </span><strong style="color: #000000; text-align: justify;">Gaz Réfrigéré</strong><span style="color: #000000; text-align: justify;"> utilisé pour ce type de vitrine est </span><strong style="color: #000000; text-align: justify;">R290</strong><span style="color: #000000; text-align: justify;"> qui permet de </span><strong style="color: #000000; text-align: justify;">préserver l’environnement </strong><span style="color: #000000; text-align: justify;">tout en ayant de </span><strong style="color: #000000; text-align: justify;">hautes performances</strong></p>
<p><strong style="color: #000000; text-align: justify;">Les roues sont incluses dans le prix</strong><span style="color: #000000; text-align: justify;"> (2 roues sont avec frein)</span></p>
