{"id":80901,"date":"2022-12-26T23:47:39","date_gmt":"2022-12-26T22:47:39","guid":{"rendered":"https:\/\/projectfood-fr.stackstaging.com\/?post_type=product&#038;p=80901"},"modified":"2024-09-19T10:44:58","modified_gmt":"2024-09-19T08:44:58","slug":"melangeur-a-pedale-mono-commande-a-fixer-au-plancher","status":"publish","type":"product","link":"https:\/\/projectfood.fr\/?product=melangeur-a-pedale-mono-commande-a-fixer-au-plancher","title":{"rendered":"M\u00e9langeur \u00e0 p\u00e9dale mono commande \u00e0 fixer au plancher"},"content":{"rendered":"<h2><span style=\"font-size: 16px;\"><strong style=\"color: #2185c2;\">Robinet m\u00e9langeur \u00e0 p\u00e9dale\u00a0<\/strong><\/span><\/h2>\n<p class=\"lbnotetecniche\"><span style=\"font-size: 15px; color: #000000;\"><strong>Le robinet<\/strong> de <strong>distribution<\/strong> d\u2019eau monocommande <strong>est \u00e9quip\u00e9 d\u2019une p\u00e9dale <\/strong>pour pouvoir fournir de l\u2019<strong>eau chaude et froide.<\/strong><\/span><\/p>\n<p class=\"lbnotetecniche\"><span style=\"font-size: 15px; color: #000000;\">Robinet <strong>con\u00e7u<\/strong> pour l\u2019environnement <strong>professionnel.<\/strong><\/span><\/p>\n","protected":false},"excerpt":{"rendered":"<p style=\"text-align: center;\"><span style=\"color: #2185c2; font-size: medium;\"><strong><span style=\"color: #339966;\">MADE<\/span><span style=\"color: #c0c0c0;\"> IN<\/span><span style=\"color: #ff0000;\"> ITALY<\/span><\/strong><\/span><\/p>\n","protected":false},"featured_media":80905,"template":"","meta":{"inline_featured_image":false},"product_brand":[],"product_cat":[1383,22177],"product_tag":[],"class_list":{"0":"post-80901","1":"product","2":"type-product","3":"status-publish","4":"has-post-thumbnail","6":"product_cat-robinets","7":"product_cat-robinets-avec-commande-a-pedale","8":"pa_codice-produttore-ermes001","9":"pa_dimensions-avec-pedale-compris-224x72-mm","10":"pa_ean-22183","11":"pa_fornitore-monolith-s-r-l","12":"pa_madeinitaly-oui","14":"first","15":"instock","16":"sale","17":"taxable","18":"shipping-taxable","19":"purchasable","20":"product-type-simple"},"df_price":93,"df_sale_price":93,"df_regular_price":145,"df_image_link":"https:\/\/projectfood.fr\/wp-content\/uploads\/2022\/12\/PF0001LV-min-300x300.jpg","_links":{"self":[{"href":"https:\/\/projectfood.fr\/index.php?rest_route=\/wp\/v2\/product\/80901","targetHints":{"allow":["GET"]}}],"collection":[{"href":"https:\/\/projectfood.fr\/index.php?rest_route=\/wp\/v2\/product"}],"about":[{"href":"https:\/\/projectfood.fr\/index.php?rest_route=\/wp\/v2\/types\/product"}],"wp:featuredmedia":[{"embeddable":true,"href":"https:\/\/projectfood.fr\/index.php?rest_route=\/wp\/v2\/media\/80905"}],"wp:attachment":[{"href":"https:\/\/projectfood.fr\/index.php?rest_route=%2Fwp%2Fv2%2Fmedia&parent=80901"}],"wp:term":[{"taxonomy":"product_brand","embeddable":true,"href":"https:\/\/projectfood.fr\/index.php?rest_route=%2Fwp%2Fv2%2Fproduct_brand&post=80901"},{"taxonomy":"product_cat","embeddable":true,"href":"https:\/\/projectfood.fr\/index.php?rest_route=%2Fwp%2Fv2%2Fproduct_cat&post=80901"},{"taxonomy":"product_tag","embeddable":true,"href":"https:\/\/projectfood.fr\/index.php?rest_route=%2Fwp%2Fv2%2Fproduct_tag&post=80901"}],"curies":[{"name":"wp","href":"https:\/\/api.w.org\/{rel}","templated":true}]}}

Mélangeur à pédale mono commande à fixer au plancher

<h2><span style="font-size: 16px;"><strong style="color: #2185c2;">Robinet mélangeur à pédale </strong></span></h2>
<p class="lbnotetecniche"><span style="font-size: 15px; color: #000000;"><strong>Le robinet</strong> de <strong>distribution</strong> d’eau monocommande <strong>est équipé d’une pédale </strong>pour pouvoir fournir de l’<strong>eau chaude et froide.</strong></span></p>
<p class="lbnotetecniche"><span style="font-size: 15px; color: #000000;">Robinet <strong>conçu</strong> pour l’environnement <strong>professionnel.</strong></span></p>
