{"id":83378,"date":"2023-01-31T10:07:06","date_gmt":"2023-01-31T09:07:06","guid":{"rendered":"https:\/\/projectfood-fr.stackstaging.com\/?post_type=product&#038;p=83378"},"modified":"2024-02-24T12:30:46","modified_gmt":"2024-02-24T11:30:46","slug":"machine-a-glacons-creux-avec-production-de-36-kg-24h","status":"publish","type":"product","link":"https:\/\/projectfood.fr\/?product=machine-a-glacons-creux-avec-production-de-36-kg-24h","title":{"rendered":"Machine \u00e0 gla\u00e7ons creux avec production de 36 kg\/24h"},"content":{"rendered":"<p><span style=\"background-color: #ffffff; color: #2185c2;\"><strong><span style=\"font-size: medium;\">Machine \u00e0 Gla\u00e7ons Projectfood Gla\u00e7ons creux 36 Kg\/24 heures<\/span><\/strong><\/span><\/p>\n<p><span style=\"font-size: 16px;\"><span style=\"background-color: #ffffff; color: #000000;\">La Machine \u00e0 gla\u00e7ons\u00a0<strong>Projectfood \u00e0 GLA\u00c7ON CREUX <\/strong>a un design moderne et compact avec des performances respectables.\u00a0C\u2019est l\u2019alli\u00e9 id\u00e9al pour les restaurants, bars, pubs et discoth\u00e8ques.<\/span><\/span><\/p>\n<p><strong><span style=\"color: #2185c2; font-size: medium;\">Caract\u00e9ristiques Principales \u00a0de nos <span style=\"background-color: #ffffff; color: #2185c2;\"><span style=\"font-size: medium;\">Machines \u00e0 Gla\u00e7ons<\/span><\/span>:<\/span><\/strong><\/p>\n<p><span style=\"color: #000000;\">&#8211; Cube brevet\u00e9 qui garantit de profiter des boissons fra\u00eeches pendant une longue p\u00e9riode<\/span><\/p>\n<p><span style=\"color: #000000;\">&#8211; Grande <\/span><strong style=\"color: #000000;\">capacit\u00e9 de stockage, pour ce mod\u00e8le est de 12 Kg<\/strong><\/p>\n<p><span style=\"color: #000000;\">&#8211; <strong><span style=\"color: #ff0000;\">Il <\/span><\/strong><span style=\"color: #ff0000;\"><strong>est con\u00e7u pour faciliter le nettoyage interne<\/strong><\/span><\/span><\/p>\n<p><span style=\"color: #000000;\">&#8211; Panneau de commande intuitif\u00a0<\/span><\/p>\n<p><span style=\"color: #000000;\">&#8211; Le syst\u00e8me de production \u00e0 palettes, avec \u00e9vaporateur \u00e0 p\u00e9doncules, est le seul syst\u00e8me capable de garantir le bon fonctionnement du fabricant de glace m\u00eame en pr\u00e9sence d\u2019eaux particuli\u00e8rement dures, riches en calcaire et en impuret\u00e9s.<\/span><\/p>\n<p><span style=\"color: #000000;\">&#8211; <strong><span style=\"color: #99cc00;\"><span style=\"color: #339966;\">Il est<\/span> <\/span><\/strong><strong style=\"color: #000000;\"><span style=\"color: #339966;\">Con\u00e7u pour assurer une \u00e9conomie d\u2019\u00e9nergie<\/span><\/strong><\/span><\/p>\n<p><strong style=\"color: #000000;\">&#8211;<\/strong> \u00a0<strong style=\"color: #000000;\">Carrosserie ext\u00e9rieure en acier inoxydable<\/strong><\/p>\n<p><strong style=\"color: #000000;\">-Alimentation monophas\u00e9e 220-240V 50 Hz <\/strong><span style=\"color: #000000;\">avec prise Schuko incluse<\/span><\/p>\n<p><span style=\"color: #000000;\">&#8211; Le Gla\u00e7on a une dimension de <strong>29 x 42 mm avec un poids des 20 gr<\/strong><\/span><\/p>\n<p><span style=\"color: #000000;\">&#8211; Gaz R\u00e9frig\u00e9rant R290<\/span><\/p>\n<p><span style=\"color: #000000;\">&#8211; <span style=\"color: #2185c2;\"><strong>SYST\u00c8ME DE REFROIDISSEMENT PAR EAU<\/strong><\/span><\/span><\/p>\n<p><span style=\"color: #000000;\">&#8211; <strong><span style=\"color: #99cc00;\"><span style=\"color: #339966;\">Sur demande, vous pouvez avoir avec le refroidissement par air\u00a0<\/span><\/span><\/strong><\/span><\/p>\n<p><span style=\"color: #000000;\">&#8211; Consommation d\u2019Eau : 18,1 l\/h<\/span><\/p>\n<p><span style=\"color: #000000;\">&#8211; Il est conseill\u00e9 d\u2019acheter avec le fabricant les filtres d\u00e9tartrage et anti s\u00e9diments pour faire durer la machine dans le temps<\/span><\/p>\n<p><span style=\"color: #2185c2;\"><strong style=\"text-align: justify;\">\u00c9QUIPEMENT DE S\u00c9RIE:<\/strong><\/span><\/p>\n<p><span style=\"color: #000000;\">&#8211; Manuel d&#8217;instruction<\/span><\/p>\n<p><span style=\"color: #000000;\">&#8211; Prise Schuko\u00a0<\/span><\/p>\n<p><span style=\"color: #000000;\">&#8211; D\u00e9chargement et Chargement de l\u2019eau<\/span><\/p>\n","protected":false},"excerpt":{"rendered":"<p style=\"text-align: left;\"><span style=\"font-size: medium;\"><strong><span style=\"color: #339966;\">2 AN DE GARANTIE<\/span><\/strong><\/span><\/p>\n","protected":false},"featured_media":85661,"template":"","meta":{"inline_featured_image":false},"product_brand":[],"product_cat":[1739,1740],"product_tag":[],"class_list":{"0":"post-83378","1":"product","2":"type-product","3":"status-publish","4":"has-post-thumbnail","6":"product_cat-machine-a-glacon-ligne-froide","7":"product_cat-machine-a-glacons-creux-ligne-froide","8":"pa_24-heures-non","9":"pa_alimentation-230-1n-50-monophase","10":"pa_capacite-conteneur-kg-12-kg-2","11":"pa_codice-produttore-51331u-ps32","12":"pa_dimensions-l402xp507xh643-mm","13":"pa_ean-22429","14":"pa_fornitore-icetech","15":"pa_gaz-refrigerant-r290","16":"pa_madeinitaly-non","17":"pa_production-en-24-heures-36-kg-24h","18":"pa_production-kg-en-24-heures-26-kg-a-38-kg","19":"pa_puissance-absorbee-watt-181-watt","20":"pa_refroidissement-a-eau","21":"pa_structure-externe-acier-inoxydable","22":"pa_typologie-glace-glacon-creux","24":"first","25":"instock","26":"sale","27":"taxable","28":"shipping-taxable","29":"purchasable","30":"product-type-simple"},"df_price":1132,"df_sale_price":1132,"df_regular_price":1250,"df_image_link":"https:\/\/projectfood.fr\/wp-content\/uploads\/2023\/01\/PFG32CW-min-300x300.jpg","_links":{"self":[{"href":"https:\/\/projectfood.fr\/index.php?rest_route=\/wp\/v2\/product\/83378","targetHints":{"allow":["GET"]}}],"collection":[{"href":"https:\/\/projectfood.fr\/index.php?rest_route=\/wp\/v2\/product"}],"about":[{"href":"https:\/\/projectfood.fr\/index.php?rest_route=\/wp\/v2\/types\/product"}],"wp:featuredmedia":[{"embeddable":true,"href":"https:\/\/projectfood.fr\/index.php?rest_route=\/wp\/v2\/media\/85661"}],"wp:attachment":[{"href":"https:\/\/projectfood.fr\/index.php?rest_route=%2Fwp%2Fv2%2Fmedia&parent=83378"}],"wp:term":[{"taxonomy":"product_brand","embeddable":true,"href":"https:\/\/projectfood.fr\/index.php?rest_route=%2Fwp%2Fv2%2Fproduct_brand&post=83378"},{"taxonomy":"product_cat","embeddable":true,"href":"https:\/\/projectfood.fr\/index.php?rest_route=%2Fwp%2Fv2%2Fproduct_cat&post=83378"},{"taxonomy":"product_tag","embeddable":true,"href":"https:\/\/projectfood.fr\/index.php?rest_route=%2Fwp%2Fv2%2Fproduct_tag&post=83378"}],"curies":[{"name":"wp","href":"https:\/\/api.w.org\/{rel}","templated":true}]}}

Machine à glaçons creux avec production de 36 kg/24h

<p><span style="background-color: #ffffff; color: #2185c2;"><strong><span style="font-size: medium;">Machine à Glaçons Projectfood Glaçons creux 36 Kg/24 heures</span></strong></span></p>
<p><span style="font-size: 16px;"><span style="background-color: #ffffff; color: #000000;">La Machine à glaçons <strong>Projectfood à GLAÇON CREUX </strong>a un design moderne et compact avec des performances respectables. C’est l’allié idéal pour les restaurants, bars, pubs et discothèques.</span></span></p>
<p><strong><span style="color: #2185c2; font-size: medium;">Caractéristiques Principales  de nos <span style="background-color: #ffffff; color: #2185c2;"><span style="font-size: medium;">Machines à Glaçons</span></span>:</span></strong></p>
<p><span style="color: #000000;">&#8211; Cube breveté qui garantit de profiter des boissons fraîches pendant une longue période</span></p>
<p><span style="color: #000000;">&#8211; Grande </span><strong style="color: #000000;">capacité de stockage, pour ce modèle est de 12 Kg</strong></p>
<p><span style="color: #000000;">&#8211; <strong><span style="color: #ff0000;">Il </span></strong><span style="color: #ff0000;"><strong>est conçu pour faciliter le nettoyage interne</strong></span></span></p>
<p><span style="color: #000000;">&#8211; Panneau de commande intuitif </span></p>
<p><span style="color: #000000;">&#8211; Le système de production à palettes, avec évaporateur à pédoncules, est le seul système capable de garantir le bon fonctionnement du fabricant de glace même en présence d’eaux particulièrement dures, riches en calcaire et en impuretés.</span></p>
<p><span style="color: #000000;">&#8211; <strong><span style="color: #99cc00;"><span style="color: #339966;">Il est</span> </span></strong><strong style="color: #000000;"><span style="color: #339966;">Conçu pour assurer une économie d’énergie</span></strong></span></p>
<p><strong style="color: #000000;">&#8211;</strong>  <strong style="color: #000000;">Carrosserie extérieure en acier inoxydable</strong></p>
<p><strong style="color: #000000;">-Alimentation monophasée 220-240V 50 Hz </strong><span style="color: #000000;">avec prise Schuko incluse</span></p>
<p><span style="color: #000000;">&#8211; Le Glaçon a une dimension de <strong>29 x 42 mm avec un poids des 20 gr</strong></span></p>
<p><span style="color: #000000;">&#8211; Gaz Réfrigérant R290</span></p>
<p><span style="color: #000000;">&#8211; <span style="color: #2185c2;"><strong>SYSTÈME DE REFROIDISSEMENT PAR EAU</strong></span></span></p>
<p><span style="color: #000000;">&#8211; <strong><span style="color: #99cc00;"><span style="color: #339966;">Sur demande, vous pouvez avoir avec le refroidissement par air </span></span></strong></span></p>
<p><span style="color: #000000;">&#8211; Consommation d’Eau : 18,1 l/h</span></p>
<p><span style="color: #000000;">&#8211; Il est conseillé d’acheter avec le fabricant les filtres détartrage et anti sédiments pour faire durer la machine dans le temps</span></p>
<p><span style="color: #2185c2;"><strong style="text-align: justify;">ÉQUIPEMENT DE SÉRIE:</strong></span></p>
<p><span style="color: #000000;">&#8211; Manuel d&#8217;instruction</span></p>
<p><span style="color: #000000;">&#8211; Prise Schuko </span></p>
<p><span style="color: #000000;">&#8211; Déchargement et Chargement de l’eau</span></p>
