{"id":88027,"date":"2023-11-07T11:53:54","date_gmt":"2023-11-07T10:53:54","guid":{"rendered":"https:\/\/projectfood-fr.stackstaging.com\/?post_type=product&#038;p=88027"},"modified":"2024-02-24T12:28:36","modified_gmt":"2024-02-24T11:28:36","slug":"rechaud-a-gaz-avec-n-1-bruleur-puissance-7500-watts","status":"publish","type":"product","link":"https:\/\/projectfood.fr\/?product=rechaud-a-gaz-avec-n-1-bruleur-puissance-7500-watts","title":{"rendered":"R\u00e9chaud \u00e0 gaz avec n\u00b0 1 br\u00fbleur &#8211; puissance 7500 watts"},"content":{"rendered":"<p><strong><span style=\"color: #2185c2;\" data-sheets-value=\"{&quot;1&quot;:2,&quot;2&quot;:&quot;Fornellone a gas da banco in acciaio inox con n\u00b0 1 bruciatore - potenza 6500 watt&quot;}\" data-sheets-userformat=\"{&quot;2&quot;:4801,&quot;3&quot;:{&quot;1&quot;:0},&quot;9&quot;:0,&quot;10&quot;:2,&quot;12&quot;:0,&quot;15&quot;:&quot;arial,sans,sans-serif&quot;}\">R\u00e9chaud \u00e0 gaz\u00a0 avec n\u00b0 1 br\u00fbleur &#8211; L560xP400xH180 mm\u00a0<\/span><\/strong><\/p>\n<p><span style=\"color: #000000;\">La <strong>cuisine \u00e0 un feu de table<\/strong> a \u00e9t\u00e9 r\u00e9alis\u00e9e pour r\u00e9pondre au besoin de garantir une vitesse de cuisson \u00e0 faible co\u00fbt<\/span><\/p>\n<p><span style=\"color: #000000;\">La cuisine a une structure<strong> robuste en fonte<\/strong><\/span><\/p>\n<p><span style=\"color: #000000;\">La cuisine <strong>est facile \u00e0 utiliser<\/strong> gr\u00e2ce \u00e0 la pr\u00e9sence d\u2019une seule<strong>\u00a0commande qui permet de r\u00e9gler la puissance du br\u00fbleur\u00a0<\/strong><\/span><\/p>\n<p><span style=\"color: #000000;\">La machine est \u00e9quip\u00e9e de pieds d\u2019appui pour le support du pot<\/span><\/p>\n<p><strong><span style=\"text-decoration: underline;\"><span style=\"color: #000000; text-decoration: underline;\">Pr\u00e9disposition \u00e0 l\u2019alimentation GPL<\/span><\/span><\/strong><\/p>\n<p><span style=\"color: #2185c2;\"><strong>ENTRETIEN ORDINAIRE ET NETTOYAGE<\/strong><\/span><\/p>\n<p><span style=\"color: #000000;\">-La machine doit \u00eatre nettoy\u00e9 r\u00e9guli\u00e8rement pour assurer le fonctionnement de la machine dans le temps<\/span><\/p>\n<p><span style=\"color: #000000;\">-Seuls des produits appropri\u00e9s doivent \u00eatre utilis\u00e9s pour nettoyer l\u2019appareil , ils ne doivent pas \u00eatre trop acides s\u2019ils n\u2019endommagent pas la structure de la machine<\/span><\/p>\n<p><span style=\"color: #2185c2;\"><strong>-Pour toute information, nous sommes \u00e0 votre disposition<\/strong><\/span><\/p>\n","protected":false},"excerpt":{"rendered":"<p style=\"text-align: center;\"><span style=\"font-size: small;\"><strong><span style=\"color: #ff6600;\"><span style=\"color: #3366ff;\"><span style=\"font-size: medium;\"><span style=\"color: #2185c2;\">LIVRAISON PROMPTE<\/span><\/span><\/span><\/span><\/strong><\/span><\/p>\n","protected":false},"featured_media":88028,"template":"","meta":{"inline_featured_image":false},"product_brand":[],"product_cat":[1990],"product_tag":[],"class_list":{"0":"post-88027","1":"product","2":"type-product","3":"status-publish","4":"has-post-thumbnail","6":"product_cat-feux-de-table","7":"pa_alimentation-gpl","8":"pa_codice-produttore-fgh986","9":"pa_dimensions-lxpxh-mm-l560xp400xh180-mm","10":"pa_ean-19849","11":"pa_fornitore-karel","12":"pa_nombre-feux-1-feu","13":"pa_prontaconsegna-oui","14":"pa_puissance-gaz-total-7500-watts","15":"pa_structure-externe-fonte","16":"pa_type-de-cuisson-fuochi-2","18":"first","19":"instock","20":"taxable","21":"shipping-taxable","22":"purchasable","23":"product-type-simple"},"df_price":61,"df_sale_price":"","df_regular_price":61,"df_image_link":"https:\/\/projectfood.fr\/wp-content\/uploads\/2023\/11\/PFEG1B-min-1-600x600-1-300x300.jpg","_links":{"self":[{"href":"https:\/\/projectfood.fr\/index.php?rest_route=\/wp\/v2\/product\/88027","targetHints":{"allow":["GET"]}}],"collection":[{"href":"https:\/\/projectfood.fr\/index.php?rest_route=\/wp\/v2\/product"}],"about":[{"href":"https:\/\/projectfood.fr\/index.php?rest_route=\/wp\/v2\/types\/product"}],"wp:featuredmedia":[{"embeddable":true,"href":"https:\/\/projectfood.fr\/index.php?rest_route=\/wp\/v2\/media\/88028"}],"wp:attachment":[{"href":"https:\/\/projectfood.fr\/index.php?rest_route=%2Fwp%2Fv2%2Fmedia&parent=88027"}],"wp:term":[{"taxonomy":"product_brand","embeddable":true,"href":"https:\/\/projectfood.fr\/index.php?rest_route=%2Fwp%2Fv2%2Fproduct_brand&post=88027"},{"taxonomy":"product_cat","embeddable":true,"href":"https:\/\/projectfood.fr\/index.php?rest_route=%2Fwp%2Fv2%2Fproduct_cat&post=88027"},{"taxonomy":"product_tag","embeddable":true,"href":"https:\/\/projectfood.fr\/index.php?rest_route=%2Fwp%2Fv2%2Fproduct_tag&post=88027"}],"curies":[{"name":"wp","href":"https:\/\/api.w.org\/{rel}","templated":true}]}}