{"id":89429,"date":"2024-01-30T10:50:44","date_gmt":"2024-01-30T09:50:44","guid":{"rendered":"https:\/\/projectfood-fr.stackstaging.com\/?post_type=product&#038;p=89429"},"modified":"2024-02-24T12:30:00","modified_gmt":"2024-02-24T11:30:00","slug":"grille-plastifiee-noire-supplementaire-pour-les-refrigerateurs-a-boissons-6","status":"publish","type":"product","link":"https:\/\/projectfood.fr\/?product=grille-plastifiee-noire-supplementaire-pour-les-refrigerateurs-a-boissons-6","title":{"rendered":"Grille plastifi\u00e9e noire suppl\u00e9mentaire pour les r\u00e9frig\u00e9rateurs \u00e0 boissons"},"content":{"rendered":"<p><strong><span style=\"color: #2185c2;\" data-sheets-value=\"{&quot;1&quot;:2,&quot;2&quot;:&quot;Grille plastifi\u00e9e pour r\u00e9frig\u00e9rateurr&quot;}\" data-sheets-userformat=\"{&quot;2&quot;:14913,&quot;3&quot;:{&quot;1&quot;:0},&quot;9&quot;:0,&quot;12&quot;:0,&quot;14&quot;:{&quot;1&quot;:2,&quot;2&quot;:0},&quot;15&quot;:&quot;Arial&quot;,&quot;16&quot;:10}\">Grille plastifi\u00e9e noire suppl\u00e9mentaire pour les r\u00e9frig\u00e9rateurs \u00e0 boissons\u00a0<\/span><\/strong><\/p>\n","protected":false},"excerpt":{"rendered":"<p style=\"text-align: center;\"><span style=\"color: #2185c2;\"><strong>LIVRAISON PROMPTE<\/strong><\/span><\/p>\n","protected":false},"featured_media":89430,"template":"","meta":{"inline_featured_image":false},"product_brand":[],"product_cat":[1374],"product_tag":[],"class_list":{"0":"post-89429","1":"product","2":"type-product","3":"status-publish","4":"has-post-thumbnail","6":"product_cat-griglie-per-frigo","7":"pa_ean-23658","9":"first","10":"instock","11":"taxable","12":"shipping-taxable","13":"purchasable","14":"product-type-simple"},"df_price":26,"df_sale_price":"","df_regular_price":26,"df_image_link":"https:\/\/projectfood.fr\/wp-content\/uploads\/2024\/01\/GRIGLIA-NERA-min-600x600-1-300x300.jpg","_links":{"self":[{"href":"https:\/\/projectfood.fr\/index.php?rest_route=\/wp\/v2\/product\/89429","targetHints":{"allow":["GET"]}}],"collection":[{"href":"https:\/\/projectfood.fr\/index.php?rest_route=\/wp\/v2\/product"}],"about":[{"href":"https:\/\/projectfood.fr\/index.php?rest_route=\/wp\/v2\/types\/product"}],"wp:featuredmedia":[{"embeddable":true,"href":"https:\/\/projectfood.fr\/index.php?rest_route=\/wp\/v2\/media\/89430"}],"wp:attachment":[{"href":"https:\/\/projectfood.fr\/index.php?rest_route=%2Fwp%2Fv2%2Fmedia&parent=89429"}],"wp:term":[{"taxonomy":"product_brand","embeddable":true,"href":"https:\/\/projectfood.fr\/index.php?rest_route=%2Fwp%2Fv2%2Fproduct_brand&post=89429"},{"taxonomy":"product_cat","embeddable":true,"href":"https:\/\/projectfood.fr\/index.php?rest_route=%2Fwp%2Fv2%2Fproduct_cat&post=89429"},{"taxonomy":"product_tag","embeddable":true,"href":"https:\/\/projectfood.fr\/index.php?rest_route=%2Fwp%2Fv2%2Fproduct_tag&post=89429"}],"curies":[{"name":"wp","href":"https:\/\/api.w.org\/{rel}","templated":true}]}}

Grille plastifiée noire supplémentaire pour les réfrigérateurs à boissons

<p><strong><span style="color: #2185c2;" data-sheets-value="{&quot;1&quot;:2,&quot;2&quot;:&quot;Grille plastifiée pour réfrigérateurr&quot;}" data-sheets-userformat="{&quot;2&quot;:14913,&quot;3&quot;:{&quot;1&quot;:0},&quot;9&quot;:0,&quot;12&quot;:0,&quot;14&quot;:{&quot;1&quot;:2,&quot;2&quot;:0},&quot;15&quot;:&quot;Arial&quot;,&quot;16&quot;:10}">Grille plastifiée noire supplémentaire pour les réfrigérateurs à boissons </span></strong></p>
